CRAN Package Check Results for Package rbundler

Last updated on 2020-02-27 07:49:49 CET.

Flavor Version Tinstall Tcheck Ttotal Status Flags
r-devel-linux-x86_64-debian-clang 0.3.7 7.86 56.32 64.18 NOTE
r-devel-linux-x86_64-debian-gcc 0.3.7 6.00 43.26 49.26 NOTE
r-devel-linux-x86_64-fedora-clang 0.3.7 75.94 NOTE
r-devel-linux-x86_64-fedora-gcc 0.3.7 74.10 NOTE
r-devel-windows-ix86+x86_64 0.3.7 17.00 73.00 90.00 NOTE
r-devel-windows-ix86+x86_64-gcc8 0.3.7 19.00 74.00 93.00 NOTE
r-patched-linux-x86_64 0.3.7 5.28 50.62 55.90 NOTE
r-patched-solaris-x86 0.3.7 97.00 NOTE
r-release-linux-x86_64 0.3.7 5.49 50.37 55.86 NOTE
r-release-windows-ix86+x86_64 0.3.7 13.00 67.00 80.00 NOTE
r-release-osx-x86_64 0.3.7 NOTE
r-oldrel-windows-ix86+x86_64 0.3.7 11.00 100.00 111.00 NOTE
r-oldrel-osx-x86_64 0.3.7 NOTE

Check Details

Version: 0.3.7
Check: DESCRIPTION meta-information
Result: NOTE
    Malformed Title field: should not end in a period.
Flavors: r-devel-linux-x86_64-debian-clang, r-devel-linux-x86_64-debian-gcc, r-devel-linux-x86_64-fedora-clang, r-devel-linux-x86_64-fedora-gcc, r-devel-windows-ix86+x86_64, r-devel-windows-ix86+x86_64-gcc8, r-patched-linux-x86_64, r-patched-solaris-x86, r-release-linux-x86_64, r-release-windows-ix86+x86_64, r-release-osx-x86_64, r-oldrel-windows-ix86+x86_64, r-oldrel-osx-x86_64

Version: 0.3.7
Check: R code for possible problems
Result: NOTE
    find_available_versions: no visible global function definition for
     'contrib.url'
    find_available_versions: no visible global function definition for
     'available.packages'
    install_version: no visible global function definition for
     'contrib.url'
    install_version: no visible global function definition for
     'available.packages'
    install_version: no visible global function definition for
     'install_url'
    load_available_packages: no visible global function definition for
     'contrib.url'
    validate_installed_package: no visible global function definition for
     'installed.packages'
    Undefined global functions or variables:
     available.packages contrib.url install_url installed.packages
    Consider adding
     importFrom("utils", "available.packages", "contrib.url",
     "installed.packages")
    to your NAMESPACE file.
Flavors: r-devel-linux-x86_64-debian-clang, r-devel-linux-x86_64-debian-gcc, r-devel-linux-x86_64-fedora-clang, r-devel-linux-x86_64-fedora-gcc, r-devel-windows-ix86+x86_64, r-devel-windows-ix86+x86_64-gcc8, r-patched-linux-x86_64, r-patched-solaris-x86, r-release-linux-x86_64, r-release-windows-ix86+x86_64, r-release-osx-x86_64, r-oldrel-windows-ix86+x86_64, r-oldrel-osx-x86_64