CRAN Package Check Results for Package rcarbon

Last updated on 2020-01-18 07:59:58 CET.

Flavor Version Tinstall Tcheck Ttotal Status Flags
r-devel-linux-x86_64-debian-clang 1.3.0 13.73 102.98 116.71 OK
r-devel-linux-x86_64-debian-gcc 1.3.0 12.30 79.41 91.71 OK
r-devel-linux-x86_64-fedora-clang 1.3.0 138.33 NOTE
r-devel-linux-x86_64-fedora-gcc 1.3.0 135.80 NOTE
r-devel-windows-ix86+x86_64 1.3.0 35.00 155.00 190.00 OK
r-devel-windows-ix86+x86_64-gcc8 1.3.0 24.00 165.00 189.00 OK
r-patched-linux-x86_64 1.3.0 12.46 90.87 103.33 OK
r-patched-solaris-x86 1.3.0 180.50 NOTE
r-release-linux-x86_64 1.3.0 11.57 89.55 101.12 OK
r-release-windows-ix86+x86_64 1.3.0 33.00 110.00 143.00 OK
r-release-osx-x86_64 1.3.0 NOTE
r-oldrel-windows-ix86+x86_64 1.3.0 26.00 102.00 128.00 OK
r-oldrel-osx-x86_64 1.3.0 NOTE

Check Details

Version: 1.3.0
Check: dependencies in R code
Result: NOTE
    Namespace in Imports field not imported from: ‘knitr’
     All declared Imports should be used.
Flavors: r-devel-linux-x86_64-fedora-clang, r-devel-linux-x86_64-fedora-gcc, r-patched-solaris-x86, r-release-osx-x86_64, r-oldrel-osx-x86_64