CRAN Package Check Results for Package rdi

Last updated on 2020-01-27 07:55:13 CET.

Flavor Version Tinstall Tcheck Ttotal Status Flags
r-devel-linux-x86_64-debian-clang 1.0.0 3.15 36.47 39.62 OK
r-devel-linux-x86_64-debian-gcc 1.0.0 2.64 28.42 31.06 OK
r-devel-linux-x86_64-fedora-clang 1.0.0 48.11 WARN
r-devel-linux-x86_64-fedora-gcc 1.0.0 47.43 OK
r-devel-windows-ix86+x86_64 1.0.0 10.00 63.00 73.00 OK
r-devel-windows-ix86+x86_64-gcc8 1.0.0 10.00 44.00 54.00 OK
r-patched-linux-x86_64 1.0.0 2.51 34.30 36.81 OK
r-patched-solaris-x86 1.0.0 65.40 OK
r-release-linux-x86_64 1.0.0 2.64 33.39 36.03 OK
r-release-windows-ix86+x86_64 1.0.0 6.00 49.00 55.00 OK
r-release-osx-x86_64 1.0.0 OK
r-oldrel-windows-ix86+x86_64 1.0.0 3.00 42.00 45.00 OK
r-oldrel-osx-x86_64 1.0.0 OK

Check Details

Version: 1.0.0
Check: package dependencies
Result: WARN
    Requires orphaned package: ‘gplots’
Flavor: r-devel-linux-x86_64-fedora-clang