CRAN Package Check Results for Package repolr

Last updated on 2020-01-19 07:56:29 CET.

Flavor Version Tinstall Tcheck Ttotal Status Flags
r-devel-linux-x86_64-debian-clang 3.4 156.82 35.26 192.08 OK
r-devel-linux-x86_64-debian-gcc 3.4 115.67 27.94 143.61 OK
r-devel-linux-x86_64-fedora-clang 3.4 283.19 NOTE
r-devel-linux-x86_64-fedora-gcc 3.4 278.73 NOTE
r-devel-windows-ix86+x86_64 3.4 272.00 73.00 345.00 OK
r-devel-windows-ix86+x86_64-gcc8 3.4 302.00 102.00 404.00 OK
r-patched-linux-x86_64 3.4 138.95 32.50 171.45 OK
r-patched-solaris-x86 3.4 227.30 OK
r-release-linux-x86_64 3.4 134.81 32.34 167.15 OK
r-release-windows-ix86+x86_64 3.4 371.00 73.00 444.00 OK
r-release-osx-x86_64 3.4 NOTE
r-oldrel-windows-ix86+x86_64 3.4 336.00 76.00 412.00 OK
r-oldrel-osx-x86_64 3.4 NOTE

Check Details

Version: 3.4
Check: installed package size
Result: NOTE
     installed size is 14.0Mb
     sub-directories of 1Mb or more:
     libs 13.8Mb
Flavors: r-devel-linux-x86_64-fedora-clang, r-release-osx-x86_64, r-oldrel-osx-x86_64

Version: 3.4
Check: compiled code
Result: NOTE
    File ‘repolr/libs/repolr.so’:
     Found no calls to: ‘R_registerRoutines’, ‘R_useDynamicSymbols’
    
    It is good practice to register native routines and to disable symbol
    search.
    
    See ‘Writing portable packages’ in the ‘Writing R Extensions’ manual.
Flavors: r-devel-linux-x86_64-fedora-clang, r-devel-linux-x86_64-fedora-gcc