CRAN Package Check Results for Package rgr

Last updated on 2020-02-18 23:48:45 CET.

Flavor Version Tinstall Tcheck Ttotal Status Flags
r-devel-linux-x86_64-debian-clang 1.1.15 11.24 77.05 88.29 NOTE
r-devel-linux-x86_64-debian-gcc 1.1.15 9.58 60.28 69.86 NOTE
r-devel-linux-x86_64-fedora-clang 1.1.15 106.64 NOTE
r-devel-linux-x86_64-fedora-gcc 1.1.15 103.68 NOTE
r-devel-windows-ix86+x86_64 1.1.15 18.00 91.00 109.00 OK
r-devel-windows-ix86+x86_64-gcc8 1.1.15 25.00 92.00 117.00 OK
r-patched-linux-x86_64 1.1.15 9.82 69.66 79.48 OK
r-patched-solaris-x86 1.1.15 127.30 OK
r-release-linux-x86_64 1.1.15 9.30 71.31 80.61 OK
r-release-windows-ix86+x86_64 1.1.15 16.00 90.00 106.00 OK
r-release-osx-x86_64 1.1.15 OK
r-oldrel-windows-ix86+x86_64 1.1.15 17.00 77.00 94.00 OK
r-oldrel-osx-x86_64 1.1.15 OK

Check Details

Version: 1.1.15
Check: for non-standard things in the check directory
Result: NOTE
    Found the following files/directories:
     'MD_display.csv' 'kola.c_COUNTRY_Cu.csv'
     'kola.c_COUNTRY_Cu_fences.txt' 'ogrady.mvalloc_mvalloc.csv'
     'sind.mat2open_NGR_summary.csv' 'sind.save_PC-loadings.csv'
     'sind.save_PC-scores.csv' 'test.save.mvalloc_mvalloc.csv'
Flavors: r-devel-linux-x86_64-debian-clang, r-devel-linux-x86_64-debian-gcc, r-devel-linux-x86_64-fedora-clang, r-devel-linux-x86_64-fedora-gcc