CRAN Package Check Results for Package riskyr

Last updated on 2020-02-26 07:51:53 CET.

Flavor Version Tinstall Tcheck Ttotal Status Flags
r-devel-linux-x86_64-debian-clang 0.2.0 12.96 86.47 99.43 OK
r-devel-linux-x86_64-debian-gcc 0.2.0 10.56 67.09 77.65 OK
r-devel-linux-x86_64-fedora-clang 0.2.0 119.58 OK
r-devel-linux-x86_64-fedora-gcc 0.2.0 115.68 OK
r-devel-windows-ix86+x86_64 0.2.0 19.00 99.00 118.00 OK
r-devel-windows-ix86+x86_64-gcc8 0.2.0 24.00 99.00 123.00 OK
r-patched-linux-x86_64 0.2.0 9.07 79.66 88.73 OK
r-patched-solaris-x86 0.2.0 136.80 NOTE
r-release-linux-x86_64 0.2.0 11.89 79.56 91.45 OK
r-release-windows-ix86+x86_64 0.2.0 17.00 96.00 113.00 OK
r-release-osx-x86_64 0.2.0 OK
r-oldrel-windows-ix86+x86_64 0.2.0 23.00 86.00 109.00 OK
r-oldrel-osx-x86_64 0.2.0 OK

Check Details

Version: 0.2.0
Check: installed package size
Result: NOTE
     installed size is 5.1Mb
     sub-directories of 1Mb or more:
     doc 3.3Mb
Flavor: r-patched-solaris-x86