CRAN Package Check Results for Package rmcfs

Last updated on 2020-01-16 17:48:21 CET.

Flavor Version Tinstall Tcheck Ttotal Status Flags
r-devel-linux-x86_64-debian-clang 1.3.0 10.02 176.71 186.73 OK
r-devel-linux-x86_64-debian-gcc 1.3.0 8.29 142.33 150.62 OK
r-devel-linux-x86_64-fedora-clang 1.3.0 242.56 OK
r-devel-linux-x86_64-fedora-gcc 1.3.0 222.30 OK
r-devel-windows-ix86+x86_64 1.3.0 35.00 177.00 212.00 OK
r-devel-windows-ix86+x86_64-gcc8 1.3.0 20.00 165.00 185.00 OK
r-patched-linux-x86_64 1.3.0 9.53 166.18 175.71 OK
r-patched-solaris-x86 1.3.0 263.50 NOTE
r-release-linux-x86_64 1.3.0 7.93 167.31 175.24 OK
r-release-windows-ix86+x86_64 1.3.0 28.00 156.00 184.00 OK
r-release-osx-x86_64 1.3.0 OK
r-oldrel-windows-ix86+x86_64 1.3.0 22.00 148.00 170.00 OK
r-oldrel-osx-x86_64 1.3.0 OK

Check Details

Version: 1.3.0
Check: installed package size
Result: NOTE
     installed size is 5.3Mb
     sub-directories of 1Mb or more:
     java 4.4Mb
Flavor: r-patched-solaris-x86