CRAN Package Check Results for Package rnaturalearthdata

Last updated on 2020-01-18 07:59:59 CET.

Flavor Version Tinstall Tcheck Ttotal Status Flags
r-devel-linux-x86_64-debian-clang 0.1.0 7.53 29.31 36.84 OK
r-devel-linux-x86_64-debian-gcc 0.1.0 7.34 23.06 30.40 OK
r-devel-linux-x86_64-fedora-clang 0.1.0 47.04 NOTE
r-devel-linux-x86_64-fedora-gcc 0.1.0 45.79 NOTE
r-devel-windows-ix86+x86_64 0.1.0 20.00 55.00 75.00 OK
r-devel-windows-ix86+x86_64-gcc8 0.1.0 14.00 56.00 70.00 OK
r-patched-linux-x86_64 0.1.0 7.40 26.62 34.02 OK
r-patched-solaris-x86 0.1.0 68.30 NOTE
r-release-linux-x86_64 0.1.0 8.12 26.38 34.50 OK
r-release-windows-ix86+x86_64 0.1.0 16.00 39.00 55.00 OK
r-release-osx-x86_64 0.1.0 NOTE
r-oldrel-windows-ix86+x86_64 0.1.0 12.00 41.00 53.00 OK
r-oldrel-osx-x86_64 0.1.0 NOTE

Check Details

Version: 0.1.0
Check: data for non-ASCII characters
Result: NOTE
     Note: found 133 marked Latin-1 strings
Flavors: r-devel-linux-x86_64-fedora-clang, r-devel-linux-x86_64-fedora-gcc, r-patched-solaris-x86, r-release-osx-x86_64, r-oldrel-osx-x86_64