CRAN Package Check Results for Package robin

Last updated on 2020-02-22 07:50:15 CET.

Flavor Version Tinstall Tcheck Ttotal Status Flags
r-devel-linux-x86_64-debian-clang 1.0.0 10.80 167.39 178.19 OK
r-devel-linux-x86_64-debian-gcc 1.0.0 10.38 129.62 140.00 OK
r-devel-linux-x86_64-fedora-clang 1.0.0 210.90 OK
r-devel-linux-x86_64-fedora-gcc 1.0.0 218.70 OK
r-devel-windows-ix86+x86_64 0.99.1 35.00 167.00 202.00 OK
r-devel-windows-ix86+x86_64-gcc8 1.0.0 35.00 236.00 271.00 OK
r-patched-linux-x86_64 1.0.0 OK
r-patched-solaris-x86 1.0.0 252.10 WARN
r-release-linux-x86_64 1.0.0 11.30 149.96 161.26 OK
r-release-windows-ix86+x86_64 1.0.0 26.00 159.00 185.00 OK
r-release-osx-x86_64 1.0.0 ERROR
r-oldrel-windows-ix86+x86_64 1.0.0 21.00 227.00 248.00 OK
r-oldrel-osx-x86_64 1.0.0 ERROR

Check Details

Version: 1.0.0
Check: re-building of vignette outputs
Result: WARN
    Error(s) in re-building vignettes:
     ...
    --- re-building ‘robin.Rmd’ using rmarkdown
    Warning in engine$weave(file, quiet = quiet, encoding = enc) :
     Pandoc (>= 1.12.3) and/or pandoc-citeproc not available. Falling back to R Markdown v1.
    Loading required package: igraph
    
    Attaching package: 'igraph'
    
    The following objects are masked from 'package:stats':
    
     decompose, spectrum
    
    The following object is masked from 'package:base':
    
     union
    
    Loading required package: gprege
    Loading required package: gptk
    Loading required package: Matrix
    Loading required package: fields
    Loading required package: spam
    Loading required package: dotCall64
    Loading required package: grid
    Spam version 2.5-1 (2019-12-12) is loaded.
    Type 'help( Spam)' or 'demo( spam)' for a short introduction
    and overview of this package.
    Help for individual functions is also obtained by adding the
    suffix '.spam' to the function name, e.g. 'help( chol.spam)'.
    
    Attaching package: 'spam'
    
    The following object is masked from 'package:Matrix':
    
     det
    
    The following objects are masked from 'package:base':
    
     backsolve, forwardsolve
    
    Loading required package: maps
    See https://github.com/NCAR/Fields for
     an extensive vignette, other supplements and source code
    Quitting from lines 80-81 (robin.Rmd)
    Error: processing vignette 'robin.Rmd' failed with diagnostics:
    there is no package called 'webshot'
    --- failed re-building ‘robin.Rmd’
    
    SUMMARY: processing the following file failed:
     ‘robin.Rmd’
    
    Error: Vignette re-building failed.
    Execution halted
Flavor: r-patched-solaris-x86

Version: 1.0.0
Check: package dependencies
Result: ERROR
    Package required but not available: ‘gprege’
    
    See section ‘The DESCRIPTION file’ in the ‘Writing R Extensions’
    manual.
Flavors: r-release-osx-x86_64, r-oldrel-osx-x86_64