CRAN Package Check Results for Package robmed

Last updated on 2020-02-18 23:48:45 CET.

Flavor Version Tinstall Tcheck Ttotal Status Flags
r-devel-linux-x86_64-debian-clang 0.6.0 0.61 2.55 3.16 ERROR
r-devel-linux-x86_64-debian-gcc 0.6.0 11.22 167.78 179.00 OK
r-devel-linux-x86_64-fedora-clang 0.6.0 273.66 OK
r-devel-linux-x86_64-fedora-gcc 0.6.0 270.60 OK
r-devel-windows-ix86+x86_64 0.6.0 26.00 214.00 240.00 OK
r-devel-windows-ix86+x86_64-gcc8 0.5.0 37.00 149.00 186.00 OK
r-patched-linux-x86_64 0.6.0 11.22 192.05 203.27 OK
r-patched-solaris-x86 0.6.0 433.10 OK
r-release-linux-x86_64 0.6.0 11.35 196.83 208.18 OK
r-release-windows-ix86+x86_64 0.5.0 25.00 141.00 166.00 OK
r-release-osx-x86_64 0.6.0 OK
r-oldrel-windows-ix86+x86_64 0.6.0 23.00 222.00 245.00 OK
r-oldrel-osx-x86_64 0.6.0 OK

Check Details

Version: 0.6.0
Check: package dependencies
Result: ERROR
    Package required but not available: 'quantreg'
    
    See section 'The DESCRIPTION file' in the 'Writing R Extensions'
    manual.
Flavor: r-devel-linux-x86_64-debian-clang