CRAN Package Check Results for Package robustreg

Last updated on 2020-01-18 07:59:59 CET.

Flavor Version Tinstall Tcheck Ttotal Status Flags
r-devel-linux-x86_64-debian-clang 0.1-11 53.22 56.09 109.31 OK
r-devel-linux-x86_64-debian-gcc 0.1-11 32.87 44.83 77.70 OK
r-devel-linux-x86_64-fedora-clang 0.1-11 142.12 OK
r-devel-linux-x86_64-fedora-gcc 0.1-11 132.69 OK
r-devel-windows-ix86+x86_64 0.1-11 101.00 96.00 197.00 OK
r-devel-windows-ix86+x86_64-gcc8 0.1-11 102.00 125.00 227.00 OK
r-patched-linux-x86_64 0.1-11 37.31 52.24 89.55 OK
r-patched-solaris-x86 0.1-11 149.40 OK
r-release-linux-x86_64 0.1-11 38.23 50.82 89.05 OK
r-release-windows-ix86+x86_64 0.1-11 129.00 80.00 209.00 OK
r-release-osx-x86_64 0.1-11 OK
r-oldrel-windows-ix86+x86_64 0.1-10 101.00 79.00 180.00 OK
r-oldrel-osx-x86_64 0.1-11 ERROR

Check Details

Version: 0.1-11
Check: package dependencies
Result: ERROR
    Package required and available but unsuitable version: ‘stats’
    
    See section ‘The DESCRIPTION file’ in the ‘Writing R Extensions’
    manual.
Flavor: r-oldrel-osx-x86_64