CRAN Package Check Results for Package rodham

Last updated on 2020-01-27 07:55:14 CET.

Flavor Version Tinstall Tcheck Ttotal Status Flags
r-devel-linux-x86_64-debian-clang 0.1.1 3.67 35.97 39.64 OK
r-devel-linux-x86_64-debian-gcc 0.1.1 3.46 27.66 31.12 OK
r-devel-linux-x86_64-fedora-clang 0.1.1 48.40 NOTE
r-devel-linux-x86_64-fedora-gcc 0.1.1 47.03 NOTE
r-devel-windows-ix86+x86_64 0.1.1 9.00 65.00 74.00 OK
r-devel-windows-ix86+x86_64-gcc8 0.1.1 15.00 50.00 65.00 OK
r-patched-linux-x86_64 0.1.1 3.35 33.26 36.61 OK
r-patched-solaris-x86 0.1.1 67.60 NOTE
r-release-linux-x86_64 0.1.1 3.07 32.49 35.56 OK
r-release-windows-ix86+x86_64 0.1.1 6.00 43.00 49.00 OK
r-release-osx-x86_64 0.1.1 NOTE
r-oldrel-windows-ix86+x86_64 0.1.1 5.00 41.00 46.00 OK
r-oldrel-osx-x86_64 0.1.1 NOTE

Check Details

Version: 0.1.1
Check: dependencies in R code
Result: NOTE
    Namespace in Imports field not imported from: ‘stringr’
     All declared Imports should be used.
Flavors: r-devel-linux-x86_64-fedora-clang, r-devel-linux-x86_64-fedora-gcc, r-patched-solaris-x86, r-release-osx-x86_64, r-oldrel-osx-x86_64

Version: 0.1.1
Check: data for non-ASCII characters
Result: NOTE
     Note: found 59 marked UTF-8 strings
Flavors: r-devel-linux-x86_64-fedora-clang, r-devel-linux-x86_64-fedora-gcc, r-patched-solaris-x86, r-release-osx-x86_64, r-oldrel-osx-x86_64