CRAN Package Check Results for Package roll

Last updated on 2020-02-27 07:49:51 CET.

Flavor Version Tinstall Tcheck Ttotal Status Flags
r-devel-linux-x86_64-debian-clang 1.1.4 55.52 27.70 83.22 NOTE
r-devel-linux-x86_64-debian-gcc 1.1.4 50.01 22.01 72.02 NOTE
r-devel-linux-x86_64-fedora-clang 1.1.4 115.61 NOTE
r-devel-linux-x86_64-fedora-gcc 1.1.4 122.52 NOTE
r-devel-windows-ix86+x86_64 1.1.4 94.00 64.00 158.00 NOTE
r-devel-windows-ix86+x86_64-gcc8 1.1.4 104.00 69.00 173.00 NOTE
r-patched-linux-x86_64 1.1.4 50.82 25.10 75.92 NOTE
r-patched-solaris-x86 1.1.4 111.10 NOTE
r-release-linux-x86_64 1.1.4 49.21 25.43 74.64 NOTE
r-release-windows-ix86+x86_64 1.1.4 94.00 65.00 159.00 NOTE
r-release-osx-x86_64 1.1.4 NOTE
r-oldrel-windows-ix86+x86_64 1.1.4 89.00 71.00 160.00 NOTE
r-oldrel-osx-x86_64 1.1.4 NOTE

Check Details

Version: 1.1.4
Check: for GNU extensions in Makefiles
Result: NOTE
    GNU make is a SystemRequirements.
Flavors: r-devel-linux-x86_64-debian-clang, r-devel-linux-x86_64-debian-gcc, r-devel-linux-x86_64-fedora-clang, r-devel-linux-x86_64-fedora-gcc, r-devel-windows-ix86+x86_64, r-devel-windows-ix86+x86_64-gcc8, r-patched-linux-x86_64, r-patched-solaris-x86, r-release-linux-x86_64, r-release-windows-ix86+x86_64, r-release-osx-x86_64, r-oldrel-windows-ix86+x86_64, r-oldrel-osx-x86_64

Version: 1.1.4
Check: installed package size
Result: NOTE
     installed size is 6.0Mb
     sub-directories of 1Mb or more:
     libs 5.9Mb
Flavors: r-devel-linux-x86_64-fedora-clang, r-release-osx-x86_64, r-oldrel-osx-x86_64