CRAN Package Check Results for Package roxygen2md

Last updated on 2020-02-18 23:48:45 CET.

Flavor Version Tinstall Tcheck Ttotal Status Flags
r-devel-linux-x86_64-debian-clang 1.0.0 3.53 32.89 36.42 OK
r-devel-linux-x86_64-debian-gcc 1.0.0 3.45 26.31 29.76 OK
r-devel-linux-x86_64-fedora-clang 1.0.0 44.32 NOTE
r-devel-linux-x86_64-fedora-gcc 1.0.0 43.17 NOTE
r-devel-windows-ix86+x86_64 1.0.0 10.00 42.00 52.00 OK
r-devel-windows-ix86+x86_64-gcc8 1.0.0 18.00 50.00 68.00 OK
r-patched-linux-x86_64 1.0.0 3.12 29.09 32.21 OK
r-patched-solaris-x86 1.0.0 61.40 NOTE
r-release-linux-x86_64 1.0.0 3.16 29.25 32.41 OK
r-release-windows-ix86+x86_64 1.0.0 9.00 47.00 56.00 OK
r-release-osx-x86_64 1.0.0 NOTE
r-oldrel-windows-ix86+x86_64 1.0.0 5.00 47.00 52.00 OK
r-oldrel-osx-x86_64 1.0.0 NOTE

Check Details

Version: 1.0.0
Check: dependencies in R code
Result: NOTE
    Namespace in Imports field not imported from: ‘withr’
     All declared Imports should be used.
Flavors: r-devel-linux-x86_64-fedora-clang, r-devel-linux-x86_64-fedora-gcc, r-patched-solaris-x86, r-release-osx-x86_64, r-oldrel-osx-x86_64