CRAN Package Check Results for Package rpostgisLT

Last updated on 2020-01-19 07:56:30 CET.

Flavor Version Tinstall Tcheck Ttotal Status Flags
r-devel-linux-x86_64-debian-clang 0.6.0 12.32 111.09 123.41 OK
r-devel-linux-x86_64-debian-gcc 0.6.0 11.65 85.42 97.07 OK
r-devel-linux-x86_64-fedora-clang 0.6.0 148.34 NOTE
r-devel-linux-x86_64-fedora-gcc 0.6.0 150.44 NOTE
r-devel-windows-ix86+x86_64 0.6.0 41.00 165.00 206.00 OK
r-devel-windows-ix86+x86_64-gcc8 0.6.0 33.00 160.00 193.00 OK
r-patched-linux-x86_64 0.6.0 12.94 94.51 107.45 OK
r-patched-solaris-x86 0.6.0 194.80 NOTE
r-release-linux-x86_64 0.6.0 11.32 94.19 105.51 OK
r-release-windows-ix86+x86_64 0.6.0 38.00 108.00 146.00 OK
r-release-osx-x86_64 0.6.0 NOTE
r-oldrel-windows-ix86+x86_64 0.6.0 25.00 98.00 123.00 OK
r-oldrel-osx-x86_64 0.6.0 NOTE

Check Details

Version: 0.6.0
Check: dependencies in R code
Result: NOTE
    Namespace in Imports field not imported from: ‘htmltools’
     All declared Imports should be used.
Flavors: r-devel-linux-x86_64-fedora-clang, r-devel-linux-x86_64-fedora-gcc, r-patched-solaris-x86, r-release-osx-x86_64, r-oldrel-osx-x86_64