CRAN Package Check Results for Package rubias

Last updated on 2020-01-27 07:55:17 CET.

Flavor Version Tinstall Tcheck Ttotal Status Flags
r-devel-linux-x86_64-debian-clang 0.3.0 97.33 461.15 558.48 NOTE
r-devel-linux-x86_64-debian-gcc 0.3.0 64.61 359.85 424.46 NOTE
r-devel-linux-x86_64-fedora-clang 0.3.0 726.03 NOTE
r-devel-linux-x86_64-fedora-gcc 0.3.0 737.06 NOTE
r-devel-windows-ix86+x86_64 0.3.0 220.00 611.00 831.00 NOTE
r-devel-windows-ix86+x86_64-gcc8 0.3.0 273.00 510.00 783.00 NOTE
r-patched-linux-x86_64 0.3.0 72.62 462.52 535.14 NOTE
r-patched-solaris-x86 0.3.0 1141.00 NOTE
r-release-linux-x86_64 0.3.0 76.13 470.47 546.60 NOTE
r-release-windows-ix86+x86_64 0.3.0 193.00 480.00 673.00 NOTE
r-release-osx-x86_64 0.3.0 NOTE
r-oldrel-windows-ix86+x86_64 0.3.0 177.00 473.00 650.00 NOTE
r-oldrel-osx-x86_64 0.3.0 NOTE

Check Details

Version: 0.3.0
Check: for GNU extensions in Makefiles
Result: NOTE
    GNU make is a SystemRequirements.
Flavors: r-devel-linux-x86_64-debian-clang, r-devel-linux-x86_64-debian-gcc, r-devel-linux-x86_64-fedora-clang, r-devel-linux-x86_64-fedora-gcc, r-devel-windows-ix86+x86_64, r-devel-windows-ix86+x86_64-gcc8, r-patched-linux-x86_64, r-patched-solaris-x86, r-release-linux-x86_64, r-release-windows-ix86+x86_64, r-release-osx-x86_64, r-oldrel-windows-ix86+x86_64, r-oldrel-osx-x86_64

Version: 0.3.0
Check: installed package size
Result: NOTE
     installed size is 5.2Mb
     sub-directories of 1Mb or more:
     libs 3.4Mb
Flavor: r-devel-linux-x86_64-fedora-clang