CRAN Package Check Results for Package rugarch

Last updated on 2020-01-27 07:55:17 CET.

Flavor Version Tinstall Tcheck Ttotal Status Flags
r-devel-linux-x86_64-debian-clang 1.4-1 98.94 309.12 408.06 OK
r-devel-linux-x86_64-debian-gcc 1.4-1 80.44 231.08 311.52 OK
r-devel-linux-x86_64-fedora-clang 1.4-1 482.81 NOTE
r-devel-linux-x86_64-fedora-gcc 1.4-1 483.99 OK
r-devel-windows-ix86+x86_64 1.4-1 143.00 422.00 565.00 NOTE
r-devel-windows-ix86+x86_64-gcc8 1.4-1 202.00 388.00 590.00 NOTE
r-patched-linux-x86_64 1.4-1 82.90 271.74 354.64 OK
r-patched-solaris-x86 1.4-1 501.20 NOTE
r-release-linux-x86_64 1.4-1 74.05 272.91 346.96 OK
r-release-windows-ix86+x86_64 1.4-1 130.00 271.00 401.00 NOTE
r-release-osx-x86_64 1.4-1 NOTE
r-oldrel-windows-ix86+x86_64 1.4-1 108.00 333.00 441.00 NOTE
r-oldrel-osx-x86_64 1.4-1 NOTE

Check Details

Version: 1.4-1
Check: installed package size
Result: NOTE
     installed size is 7.6Mb
     sub-directories of 1Mb or more:
     R 3.0Mb
     libs 2.2Mb
Flavors: r-devel-linux-x86_64-fedora-clang, r-devel-windows-ix86+x86_64, r-devel-windows-ix86+x86_64-gcc8, r-patched-solaris-x86, r-release-windows-ix86+x86_64, r-release-osx-x86_64, r-oldrel-windows-ix86+x86_64, r-oldrel-osx-x86_64