CRAN Package Check Results for Package samc

Last updated on 2020-01-27 07:55:18 CET.

Flavor Version Tinstall Tcheck Ttotal Status Flags
r-devel-linux-x86_64-debian-clang 1.0.4 121.77 229.91 351.68 OK
r-devel-linux-x86_64-debian-gcc 1.0.4 97.58 179.03 276.61 OK
r-devel-linux-x86_64-fedora-clang 1.0.4 445.17 NOTE
r-devel-linux-x86_64-fedora-gcc 1.0.4 447.63 NOTE
r-devel-windows-ix86+x86_64 1.0.4 254.00 349.00 603.00 OK
r-devel-windows-ix86+x86_64-gcc8 1.0.4 279.00 279.00 558.00 NOTE
r-patched-linux-x86_64 1.0.4 107.23 203.31 310.54 OK
r-patched-solaris-x86 1.0.4 364.80 NOTE
r-release-linux-x86_64 1.0.4 110.10 202.10 312.20 OK
r-release-windows-ix86+x86_64 1.0.4 183.00 227.00 410.00 OK
r-release-osx-x86_64 1.0.4 NOTE
r-oldrel-windows-ix86+x86_64 1.0.4 168.00 286.00 454.00 OK
r-oldrel-osx-x86_64 1.0.4 NOTE

Check Details

Version: 1.0.4
Check: installed package size
Result: NOTE
     installed size is 15.6Mb
     sub-directories of 1Mb or more:
     doc 2.5Mb
     libs 12.4Mb
Flavors: r-devel-linux-x86_64-fedora-clang, r-devel-windows-ix86+x86_64-gcc8, r-release-osx-x86_64, r-oldrel-osx-x86_64

Version: 1.0.4
Check: dependencies in R code
Result: NOTE
    Namespaces in Imports field not imported from:
     ‘gdistance’ ‘methods’
     All declared Imports should be used.
Flavors: r-devel-linux-x86_64-fedora-clang, r-devel-linux-x86_64-fedora-gcc, r-patched-solaris-x86, r-release-osx-x86_64, r-oldrel-osx-x86_64

Version: 1.0.4
Check: package dependencies
Result: NOTE
    Package suggested but not available for checking: ‘gifski’
Flavor: r-patched-solaris-x86