CRAN Package Check Results for Package samurais

Last updated on 2020-01-18 08:00:00 CET.

Flavor Version Tinstall Tcheck Ttotal Status Flags
r-devel-linux-x86_64-debian-clang 0.1.0 78.31 130.64 208.95 OK
r-devel-linux-x86_64-debian-gcc 0.1.0 54.10 101.60 155.70 OK
r-devel-linux-x86_64-fedora-clang 0.1.0 265.79 NOTE
r-devel-linux-x86_64-fedora-gcc 0.1.0 265.29 OK
r-devel-windows-ix86+x86_64 0.1.0 207.00 247.00 454.00 NOTE
r-devel-windows-ix86+x86_64-gcc8 0.1.0 159.00 232.00 391.00 NOTE
r-patched-linux-x86_64 0.1.0 56.94 121.91 178.85 OK
r-patched-solaris-x86 0.1.0 300.40 NOTE
r-release-linux-x86_64 0.1.0 62.19 122.62 184.81 OK
r-release-windows-ix86+x86_64 0.1.0 194.00 190.00 384.00 NOTE
r-release-osx-x86_64 0.1.0 NOTE
r-oldrel-windows-ix86+x86_64 0.1.0 203.00 167.00 370.00 NOTE
r-oldrel-osx-x86_64 0.1.0 NOTE

Check Details

Version: 0.1.0
Check: installed package size
Result: NOTE
     installed size is 9.5Mb
     sub-directories of 1Mb or more:
     doc 2.3Mb
     help 3.4Mb
     libs 3.4Mb
Flavors: r-devel-linux-x86_64-fedora-clang, r-devel-windows-ix86+x86_64, r-devel-windows-ix86+x86_64-gcc8, r-patched-solaris-x86, r-release-windows-ix86+x86_64, r-release-osx-x86_64, r-oldrel-windows-ix86+x86_64, r-oldrel-osx-x86_64