CRAN Package Check Results for Package sbmSDP

Last updated on 2020-01-18 08:00:01 CET.

Flavor Version Tinstall Tcheck Ttotal Status Flags
r-devel-linux-x86_64-debian-clang 0.2 29.87 30.43 60.30 OK
r-devel-linux-x86_64-debian-gcc 0.2 20.89 24.08 44.97 OK
r-devel-linux-x86_64-fedora-clang 0.2 82.29 NOTE
r-devel-linux-x86_64-fedora-gcc 0.2 79.31 NOTE
r-devel-windows-ix86+x86_64 0.2 60.00 65.00 125.00 OK
r-devel-windows-ix86+x86_64-gcc8 0.2 59.00 83.00 142.00 OK
r-patched-linux-x86_64 0.2 22.84 29.84 52.68 OK
r-patched-solaris-x86 0.2 85.20 OK
r-release-linux-x86_64 0.2 23.36 29.93 53.29 OK
r-release-windows-ix86+x86_64 0.2 78.00 64.00 142.00 OK
r-release-osx-x86_64 0.2 OK
r-oldrel-windows-ix86+x86_64 0.2 68.00 60.00 128.00 OK
r-oldrel-osx-x86_64 0.2 OK

Check Details

Version: 0.2
Check: compiled code
Result: NOTE
    File ‘sbmSDP/libs/sbmSDP.so’:
     Found no calls to: ‘R_registerRoutines’, ‘R_useDynamicSymbols’
    
    It is good practice to register native routines and to disable symbol
    search.
    
    See ‘Writing portable packages’ in the ‘Writing R Extensions’ manual.
Flavors: r-devel-linux-x86_64-fedora-clang, r-devel-linux-x86_64-fedora-gcc