CRAN Package Check Results for Package scRNAtools

Last updated on 2020-01-27 07:55:18 CET.

Flavor Version Tinstall Tcheck Ttotal Status Flags
r-devel-linux-x86_64-debian-clang 1.0 15.07 140.70 155.77 NOTE
r-devel-linux-x86_64-debian-gcc 1.0 14.80 108.36 123.16 NOTE
r-devel-linux-x86_64-fedora-clang 1.0 188.77 NOTE
r-devel-linux-x86_64-fedora-gcc 1.0 184.28 NOTE
r-devel-windows-ix86+x86_64 1.0 64.00 233.00 297.00 OK
r-devel-windows-ix86+x86_64-gcc8 1.0 70.00 181.00 251.00 OK
r-patched-linux-x86_64 1.0 13.74 122.92 136.66 OK
r-patched-solaris-x86 1.0 257.10 OK
r-release-linux-x86_64 1.0 11.90 121.01 132.91 OK
r-release-windows-ix86+x86_64 1.0 28.00 137.00 165.00 OK
r-release-osx-x86_64 1.0 ERROR
r-oldrel-windows-ix86+x86_64 1.0 20.00 161.00 181.00 OK
r-oldrel-osx-x86_64 1.0 ERROR

Check Details

Version: 1.0
Check: for non-standard things in the check directory
Result: NOTE
    Found the following files/directories:
     'untitled_consensus_cluster'
Flavors: r-devel-linux-x86_64-debian-clang, r-devel-linux-x86_64-debian-gcc, r-devel-linux-x86_64-fedora-clang, r-devel-linux-x86_64-fedora-gcc

Version: 1.0
Check: package dependencies
Result: ERROR
    Packages required but not available: 'ALL', 'ConsensusClusterPlus'
    
    See section ‘The DESCRIPTION file’ in the ‘Writing R Extensions’
    manual.
Flavor: r-release-osx-x86_64

Version: 1.0
Check: package dependencies
Result: ERROR
    Package required but not available: ‘ConsensusClusterPlus’
    
    See section ‘The DESCRIPTION file’ in the ‘Writing R Extensions’
    manual.
Flavor: r-oldrel-osx-x86_64