CRAN Package Check Results for Package shiny.semantic

Last updated on 2020-02-16 07:48:13 CET.

Flavor Version Tinstall Tcheck Ttotal Status Flags
r-devel-linux-x86_64-debian-clang 0.2.1 3.51 31.95 35.46 OK
r-devel-linux-x86_64-debian-gcc 0.2.1 2.90 26.34 29.24 OK
r-devel-linux-x86_64-fedora-clang 0.2.1 45.42 NOTE
r-devel-linux-x86_64-fedora-gcc 0.2.1 42.65 NOTE
r-devel-windows-ix86+x86_64 0.2.1 10.00 46.00 56.00 OK
r-devel-windows-ix86+x86_64-gcc8 0.2.1 24.00 46.00 70.00 OK
r-patched-linux-x86_64 0.2.1 2.84 29.60 32.44 OK
r-patched-solaris-x86 0.2.1 62.30 NOTE
r-release-linux-x86_64 0.2.1 3.01 29.28 32.29 OK
r-release-windows-ix86+x86_64 0.2.1 9.00 45.00 54.00 OK
r-release-osx-x86_64 0.2.1 NOTE
r-oldrel-windows-ix86+x86_64 0.2.1 5.00 44.00 49.00 OK
r-oldrel-osx-x86_64 0.2.1 NOTE

Check Details

Version: 0.2.1
Check: dependencies in R code
Result: NOTE
    Namespace in Imports field not imported from: ‘utils’
     All declared Imports should be used.
Flavors: r-devel-linux-x86_64-fedora-clang, r-devel-linux-x86_64-fedora-gcc, r-patched-solaris-x86, r-release-osx-x86_64, r-oldrel-osx-x86_64