CRAN Package Check Results for Package shinyHeatmaply

Last updated on 2020-01-16 17:48:22 CET.

Flavor Version Tinstall Tcheck Ttotal Status Flags
r-devel-linux-x86_64-debian-clang 0.1.0 6.78 50.36 57.14 OK
r-devel-linux-x86_64-debian-gcc 0.1.0 5.66 38.14 43.80 OK
r-devel-linux-x86_64-fedora-clang 0.1.0 68.49 NOTE
r-devel-linux-x86_64-fedora-gcc 0.1.0 66.28 NOTE
r-devel-windows-ix86+x86_64 0.1.0 28.00 101.00 129.00 OK
r-devel-windows-ix86+x86_64-gcc8 0.1.0 22.00 116.00 138.00 OK
r-patched-linux-x86_64 0.1.0 6.07 45.07 51.14 OK
r-patched-solaris-x86 0.1.0 94.30 NOTE
r-release-linux-x86_64 0.1.0 5.39 44.43 49.82 OK
r-release-windows-ix86+x86_64 0.1.0 26.00 69.00 95.00 OK
r-release-osx-x86_64 0.1.0 NOTE
r-oldrel-windows-ix86+x86_64 0.1.0 16.00 67.00 83.00 OK
r-oldrel-osx-x86_64 0.1.0 NOTE

Check Details

Version: 0.1.0
Check: dependencies in R code
Result: NOTE
    Namespaces in Imports field not imported from:
     ‘RColorBrewer’ ‘htmlwidgets’ ‘jsonlite’ ‘viridis’
     All declared Imports should be used.
Flavors: r-devel-linux-x86_64-fedora-clang, r-devel-linux-x86_64-fedora-gcc, r-patched-solaris-x86, r-release-osx-x86_64, r-oldrel-osx-x86_64