CRAN Package Check Results for Package shinyMobile

Last updated on 2020-02-18 23:48:47 CET.

Flavor Version Tinstall Tcheck Ttotal Status Flags
r-devel-linux-x86_64-debian-clang 0.1.0 6.19 54.47 60.66 OK
r-devel-linux-x86_64-debian-gcc 0.1.0 5.32 43.35 48.67 OK
r-devel-linux-x86_64-fedora-clang 0.1.0 72.90 OK
r-devel-linux-x86_64-fedora-gcc 0.1.0 73.58 OK
r-devel-windows-ix86+x86_64 0.1.0 16.00 78.00 94.00 OK
r-devel-windows-ix86+x86_64-gcc8 0.1.0 31.00 78.00 109.00 OK
r-patched-linux-x86_64 0.1.0 5.10 49.33 54.43 OK
r-patched-solaris-x86 0.1.0 90.00 NOTE
r-release-linux-x86_64 0.1.0 4.76 49.25 54.01 OK
r-release-windows-ix86+x86_64 0.1.0 13.00 77.00 90.00 OK
r-release-osx-x86_64 0.1.0 OK
r-oldrel-windows-ix86+x86_64 0.1.0 9.00 53.00 62.00 OK
r-oldrel-osx-x86_64 0.1.0 OK

Check Details

Version: 0.1.0
Check: installed package size
Result: NOTE
     installed size is 5.6Mb
     sub-directories of 1Mb or more:
     examples 2.2Mb
     framework7-5.1.3 1.7Mb
Flavor: r-patched-solaris-x86