CRAN Package Check Results for Package shinyaframe

Last updated on 2020-02-22 07:50:17 CET.

Flavor Version Tinstall Tcheck Ttotal Status Flags
r-devel-linux-x86_64-debian-clang 1.0.1 1.80 21.44 23.24 OK
r-devel-linux-x86_64-debian-gcc 1.0.1 1.65 17.03 18.68 OK
r-devel-linux-x86_64-fedora-clang 1.0.1 29.72 NOTE
r-devel-linux-x86_64-fedora-gcc 1.0.1 30.04 NOTE
r-devel-windows-ix86+x86_64 1.0.1 8.00 35.00 43.00 OK
r-devel-windows-ix86+x86_64-gcc8 1.0.1 16.00 36.00 52.00 OK
r-patched-linux-x86_64 1.0.1 OK
r-patched-solaris-x86 1.0.1 42.10 NOTE
r-release-linux-x86_64 1.0.1 1.70 20.05 21.75 OK
r-release-windows-ix86+x86_64 1.0.1 5.00 38.00 43.00 OK
r-release-osx-x86_64 1.0.1 NOTE
r-oldrel-windows-ix86+x86_64 1.0.1 3.00 35.00 38.00 OK
r-oldrel-osx-x86_64 1.0.1 NOTE

Check Details

Version: 1.0.1
Check: dependencies in R code
Result: NOTE
    Namespace in Imports field not imported from: ‘shiny’
     All declared Imports should be used.
Flavors: r-devel-linux-x86_64-fedora-clang, r-devel-linux-x86_64-fedora-gcc, r-patched-solaris-x86, r-release-osx-x86_64, r-oldrel-osx-x86_64