CRAN Package Check Results for Package shinystan

Last updated on 2020-01-27 07:55:18 CET.

Flavor Version Tinstall Tcheck Ttotal Status Flags
r-devel-linux-x86_64-debian-clang 2.5.0 10.69 89.55 100.24 ERROR
r-devel-linux-x86_64-debian-gcc 2.5.0 9.12 68.61 77.73 ERROR
r-devel-linux-x86_64-fedora-clang 2.5.0 122.64 ERROR
r-devel-linux-x86_64-fedora-gcc 2.5.0 124.61 ERROR
r-devel-windows-ix86+x86_64 2.5.0 37.00 170.00 207.00 OK
r-devel-windows-ix86+x86_64-gcc8 2.5.0 41.00 129.00 170.00 OK
r-patched-linux-x86_64 2.5.0 9.35 78.27 87.62 ERROR
r-patched-solaris-x86 2.5.0 170.30 ERROR
r-release-linux-x86_64 2.5.0 8.98 77.76 86.74 ERROR
r-release-windows-ix86+x86_64 2.5.0 16.00 108.00 124.00 OK
r-release-osx-x86_64 2.5.0 OK
r-oldrel-windows-ix86+x86_64 2.5.0 15.00 96.00 111.00 OK
r-oldrel-osx-x86_64 2.5.0 OK

Check Details

Version: 2.5.0
Check: package dependencies
Result: NOTE
    Package suggested but not available for checking: 'rstanarm'
Flavors: r-devel-linux-x86_64-debian-clang, r-devel-linux-x86_64-debian-gcc, r-devel-linux-x86_64-fedora-clang, r-devel-linux-x86_64-fedora-gcc, r-patched-linux-x86_64, r-patched-solaris-x86, r-release-linux-x86_64

Version: 2.5.0
Check: tests
Result: ERROR
     Running 'testthat.R' [6s/8s]
    Running the tests in 'tests/testthat.R' failed.
    Complete output:
     > library(testthat)
     > library(shinystan)
     Loading required package: shiny
    
     This is shinystan version 2.5.0
    
     >
     > test_check("shinystan")
     -- 1. Error: (unknown) (@test_creating_sso.R#3) -------------------------------
     there is no package called 'rstanarm'
     Backtrace:
     1. base::suppressPackageStartupMessages(library(rstanarm))
     3. base::library(rstanarm)
    
     -- 2. Error: (unknown) (@test_misc.R#2) ---------------------------------------
     there is no package called 'rstanarm'
     Backtrace:
     1. base::library(rstanarm)
    
     == testthat results ===========================================================
     [ OK: 78 | SKIPPED: 0 | WARNINGS: 0 | FAILED: 2 ]
     1. Error: (unknown) (@test_creating_sso.R#3)
     2. Error: (unknown) (@test_misc.R#2)
    
     Error: testthat unit tests failed
     Execution halted
Flavor: r-devel-linux-x86_64-debian-clang

Version: 2.5.0
Check: tests
Result: ERROR
     Running ‘testthat.R’ [4s/6s]
    Running the tests in ‘tests/testthat.R’ failed.
    Complete output:
     > library(testthat)
     > library(shinystan)
     Loading required package: shiny
    
     This is shinystan version 2.5.0
    
     >
     > test_check("shinystan")
     ── 1. Error: (unknown) (@test_creating_sso.R#3) ───────────────────────────────
     there is no package called 'rstanarm'
     Backtrace:
     1. base::suppressPackageStartupMessages(library(rstanarm))
     3. base::library(rstanarm)
    
     ── 2. Error: (unknown) (@test_misc.R#2) ───────────────────────────────────────
     there is no package called 'rstanarm'
     Backtrace:
     1. base::library(rstanarm)
    
     ══ testthat results ═══════════════════════════════════════════════════════════
     [ OK: 78 | SKIPPED: 0 | WARNINGS: 0 | FAILED: 2 ]
     1. Error: (unknown) (@test_creating_sso.R#3)
     2. Error: (unknown) (@test_misc.R#2)
    
     Error: testthat unit tests failed
     Execution halted
Flavor: r-devel-linux-x86_64-debian-gcc

Version: 2.5.0
Check: Rd cross-references
Result: NOTE
    Package unavailable to check Rd xrefs: ‘rstanarm’
Flavors: r-devel-linux-x86_64-fedora-clang, r-devel-linux-x86_64-fedora-gcc, r-patched-solaris-x86

Version: 2.5.0
Check: tests
Result: ERROR
     Running ‘testthat.R’
    Running the tests in ‘tests/testthat.R’ failed.
    Complete output:
     > library(testthat)
     > library(shinystan)
     Loading required package: shiny
    
     This is shinystan version 2.5.0
    
     >
     > test_check("shinystan")
     ── 1. Error: (unknown) (@test_creating_sso.R#3) ───────────────────────────────
     there is no package called 'rstanarm'
     Backtrace:
     1. base::suppressPackageStartupMessages(library(rstanarm))
     3. base::library(rstanarm)
    
     ── 2. Error: (unknown) (@test_misc.R#2) ───────────────────────────────────────
     there is no package called 'rstanarm'
     Backtrace:
     1. base::library(rstanarm)
    
     ══ testthat results ═══════════════════════════════════════════════════════════
     [ OK: 78 | SKIPPED: 0 | WARNINGS: 0 | FAILED: 2 ]
     1. Error: (unknown) (@test_creating_sso.R#3)
     2. Error: (unknown) (@test_misc.R#2)
    
     Error: testthat unit tests failed
     Execution halted
Flavors: r-devel-linux-x86_64-fedora-clang, r-patched-solaris-x86

Version: 2.5.0
Check: tests
Result: ERROR
     Running ‘testthat.R’ [6s/13s]
    Running the tests in ‘tests/testthat.R’ failed.
    Complete output:
     > library(testthat)
     > library(shinystan)
     Loading required package: shiny
    
     This is shinystan version 2.5.0
    
     >
     > test_check("shinystan")
     ── 1. Error: (unknown) (@test_creating_sso.R#3) ───────────────────────────────
     there is no package called 'rstanarm'
     Backtrace:
     1. base::suppressPackageStartupMessages(library(rstanarm))
     3. base::library(rstanarm)
    
     ── 2. Error: (unknown) (@test_misc.R#2) ───────────────────────────────────────
     there is no package called 'rstanarm'
     Backtrace:
     1. base::library(rstanarm)
    
     ══ testthat results ═══════════════════════════════════════════════════════════
     [ OK: 78 | SKIPPED: 0 | WARNINGS: 0 | FAILED: 2 ]
     1. Error: (unknown) (@test_creating_sso.R#3)
     2. Error: (unknown) (@test_misc.R#2)
    
     Error: testthat unit tests failed
     Execution halted
Flavor: r-devel-linux-x86_64-fedora-gcc

Version: 2.5.0
Check: tests
Result: ERROR
     Running ‘testthat.R’ [5s/6s]
    Running the tests in ‘tests/testthat.R’ failed.
    Complete output:
     > library(testthat)
     > library(shinystan)
     Loading required package: shiny
    
     This is shinystan version 2.5.0
    
     >
     > test_check("shinystan")
     ── 1. Error: (unknown) (@test_creating_sso.R#3) ───────────────────────────────
     there is no package called 'rstanarm'
     Backtrace:
     1. base::suppressPackageStartupMessages(library(rstanarm))
     3. base::library(rstanarm)
    
     ── 2. Error: (unknown) (@test_misc.R#2) ───────────────────────────────────────
     there is no package called 'rstanarm'
     Backtrace:
     1. base::library(rstanarm)
    
     ══ testthat results ═══════════════════════════════════════════════════════════
     [ OK: 78 | SKIPPED: 0 | WARNINGS: 0 | FAILED: 2 ]
     1. Error: (unknown) (@test_creating_sso.R#3)
     2. Error: (unknown) (@test_misc.R#2)
    
     Error: testthat unit tests failed
     Execution halted
Flavor: r-patched-linux-x86_64

Version: 2.5.0
Check: tests
Result: ERROR
     Running ‘testthat.R’ [5s/5s]
    Running the tests in ‘tests/testthat.R’ failed.
    Complete output:
     > library(testthat)
     > library(shinystan)
     Loading required package: shiny
    
     This is shinystan version 2.5.0
    
     >
     > test_check("shinystan")
     ── 1. Error: (unknown) (@test_creating_sso.R#3) ───────────────────────────────
     there is no package called 'rstanarm'
     Backtrace:
     1. base::suppressPackageStartupMessages(library(rstanarm))
     3. base::library(rstanarm)
    
     ── 2. Error: (unknown) (@test_misc.R#2) ───────────────────────────────────────
     there is no package called 'rstanarm'
     Backtrace:
     1. base::library(rstanarm)
    
     ══ testthat results ═══════════════════════════════════════════════════════════
     [ OK: 78 | SKIPPED: 0 | WARNINGS: 0 | FAILED: 2 ]
     1. Error: (unknown) (@test_creating_sso.R#3)
     2. Error: (unknown) (@test_misc.R#2)
    
     Error: testthat unit tests failed
     Execution halted
Flavor: r-release-linux-x86_64