CRAN Package Check Results for Package shrinkTVP

Last updated on 2020-01-19 07:56:31 CET.

Flavor Version Tinstall Tcheck Ttotal Status Flags
r-devel-linux-x86_64-debian-clang 1.1.1 127.86 52.84 180.70 OK
r-devel-linux-x86_64-debian-gcc 1.1.1 77.32 41.53 118.85 OK
r-devel-linux-x86_64-fedora-clang 1.1.1 236.90 NOTE
r-devel-linux-x86_64-fedora-gcc 1.1.1 220.61 OK
r-devel-windows-ix86+x86_64 1.1.1 299.00 128.00 427.00 OK
r-devel-windows-ix86+x86_64-gcc8 1.1.1 231.00 132.00 363.00 OK
r-patched-linux-x86_64 1.1.1 88.51 48.99 137.50 OK
r-patched-solaris-x86 1.1.1 228.70 OK
r-release-linux-x86_64 1.1.1 90.82 49.74 140.56 OK
r-release-windows-ix86+x86_64 1.1.1 284.00 92.00 376.00 OK
r-release-osx-x86_64 1.1.1 NOTE
r-oldrel-windows-ix86+x86_64 1.1.1 287.00 120.00 407.00 OK
r-oldrel-osx-x86_64 1.1.1 OK

Check Details

Version: 1.1.1
Check: installed package size
Result: NOTE
     installed size is 5.6Mb
     sub-directories of 1Mb or more:
     libs 4.8Mb
Flavors: r-devel-linux-x86_64-fedora-clang, r-release-osx-x86_64