CRAN Package Check Results for Package skewt

Last updated on 2020-02-27 07:49:52 CET.

Flavor Version Tinstall Tcheck Ttotal Status Flags
r-devel-linux-x86_64-debian-clang 0.1 1.85 17.03 18.88 NOTE
r-devel-linux-x86_64-debian-gcc 0.1 1.52 14.02 15.54 NOTE
r-devel-linux-x86_64-fedora-clang 0.1 24.52 NOTE
r-devel-linux-x86_64-fedora-gcc 0.1 22.88 NOTE
r-devel-windows-ix86+x86_64 0.1 4.00 28.00 32.00 NOTE
r-devel-windows-ix86+x86_64-gcc8 0.1 5.00 26.00 31.00 NOTE
r-patched-linux-x86_64 0.1 1.38 15.99 17.37 NOTE
r-patched-solaris-x86 0.1 35.00 NOTE
r-release-linux-x86_64 0.1 1.28 16.20 17.48 NOTE
r-release-windows-ix86+x86_64 0.1 5.00 35.00 40.00 NOTE
r-release-osx-x86_64 0.1 NOTE
r-oldrel-windows-ix86+x86_64 0.1 2.00 24.00 26.00 NOTE
r-oldrel-osx-x86_64 0.1 NOTE

Check Details

Version: 0.1
Check: R code for possible problems
Result: NOTE
    dskt: no visible global function definition for 'dt'
    pskt: no visible global function definition for 'pt'
    qskt: no visible global function definition for 'qt'
    rskt: no visible global function definition for 'runif'
    Undefined global functions or variables:
     dt pt qt runif
    Consider adding
     importFrom("stats", "dt", "pt", "qt", "runif")
    to your NAMESPACE file.
Flavors: r-devel-linux-x86_64-debian-clang, r-devel-linux-x86_64-debian-gcc, r-devel-linux-x86_64-fedora-clang, r-devel-linux-x86_64-fedora-gcc, r-devel-windows-ix86+x86_64, r-devel-windows-ix86+x86_64-gcc8, r-patched-linux-x86_64, r-patched-solaris-x86, r-release-linux-x86_64, r-release-windows-ix86+x86_64, r-release-osx-x86_64, r-oldrel-windows-ix86+x86_64, r-oldrel-osx-x86_64