CRAN Package Check Results for Package skm

Last updated on 2020-01-27 07:55:19 CET.

Flavor Version Tinstall Tcheck Ttotal Status Flags
r-devel-linux-x86_64-debian-clang 0.1.5.4 73.56 541.52 615.08 NOTE
r-devel-linux-x86_64-debian-gcc 0.1.5.4 54.76 362.71 417.47 NOTE
r-devel-linux-x86_64-fedora-clang 0.1.5.4 726.43 NOTE
r-devel-linux-x86_64-fedora-gcc 0.1.5.4 663.26 NOTE
r-devel-windows-ix86+x86_64 0.1.5.4 195.00 96.00 291.00 NOTE --no-vignettes
r-devel-windows-ix86+x86_64-gcc8 0.1.5.4 208.00 94.00 302.00 NOTE --no-vignettes
r-patched-linux-x86_64 0.1.5.4 58.34 456.63 514.97 NOTE
r-patched-solaris-x86 0.1.5.4 2051.40 WARN
r-release-linux-x86_64 0.1.5.4 59.54 450.00 509.54 NOTE
r-release-windows-ix86+x86_64 0.1.5.4 142.00 155.00 297.00 NOTE --no-vignettes
r-release-osx-x86_64 0.1.5.4 FAIL
r-oldrel-windows-ix86+x86_64 0.1.5.4 121.00 87.00 208.00 NOTE --no-vignettes
r-oldrel-osx-x86_64 0.1.5.4 FAIL

Check Details

Version: 0.1.5.4
Check: for GNU extensions in Makefiles
Result: NOTE
    GNU make is a SystemRequirements.
Flavors: r-devel-linux-x86_64-debian-clang, r-devel-linux-x86_64-debian-gcc, r-devel-linux-x86_64-fedora-clang, r-devel-linux-x86_64-fedora-gcc, r-patched-linux-x86_64, r-patched-solaris-x86, r-release-linux-x86_64, r-release-osx-x86_64, r-oldrel-osx-x86_64

Version: 0.1.5.4
Check: installed package size
Result: NOTE
     installed size is 6.4Mb
     sub-directories of 1Mb or more:
     doc 1.1Mb
     libs 4.2Mb
Flavors: r-devel-linux-x86_64-fedora-clang, r-release-osx-x86_64, r-oldrel-osx-x86_64

Version: 0.1.5.4
Check: compiled code
Result: NOTE
    File ‘skm/libs/skm.so’:
     Found no calls to: ‘R_registerRoutines’, ‘R_useDynamicSymbols’
    
    It is good practice to register native routines and to disable symbol
    search.
    
    See ‘Writing portable packages’ in the ‘Writing R Extensions’ manual.
Flavors: r-devel-linux-x86_64-fedora-clang, r-devel-linux-x86_64-fedora-gcc

Version: 0.1.5.4
Flags: --no-vignettes
Check: for GNU extensions in Makefiles
Result: NOTE
    GNU make is a SystemRequirements.
Flavors: r-devel-windows-ix86+x86_64, r-devel-windows-ix86+x86_64-gcc8, r-release-windows-ix86+x86_64, r-oldrel-windows-ix86+x86_64

Version: 0.1.5.4
Check: re-building of vignette outputs
Result: WARN
    Error(s) in re-building vignettes:
     ...
    --- re-building ‘skm-vignettes.Rmd’ using rmarkdown
    Warning in engine$weave(file, quiet = quiet, encoding = enc) :
     Pandoc (>= 1.12.3) and/or pandoc-citeproc not available. Falling back to R Markdown v1.
    Loading required package: magrittr
    Loading required package: data.table
    skm_mls: skm solver via skm_mls_cpp ...
    
    skm_mls: auto_create g w.r.t first letter of s_name.
    
    skm_mls: optimizing on k <1> ...
    
    skm_mls: optimizing on k <1> ... done.
    
    skm_mls: optimizing on k <2> ...
    
    skm_mls: set extra runs based on previous optim s ...
    
    skm_mls: set extra runs based on previous optim s ... done.
    
    skm_mls: optimizing on k <2> ... done.
    
    skm_mls: optimizing on k <3> ...
    
    skm_mls: set extra runs based on previous optim s ...
    
    skm_mls: set extra runs based on previous optim s ... done.
    
    skm_mls: optimizing on k <3> ... done.
    
    skm_mls: optimizing on k <4> ...
    
    skm_mls: set extra runs based on previous optim s ...
    
    skm_mls: set extra runs based on previous optim s ... done.
    
    skm_mls: optimizing on k <4> ... done.
    
    skm_mls: optimizing on k <5> ...
    
    skm_mls: set extra runs based on previous optim s ...
    
    skm_mls: set extra runs based on previous optim s ... done.
    
    skm_mls: optimizing on k <5> ... done.
    
    skm_mls: optimizing on k <6> ...
    
    skm_mls: set extra runs based on previous optim s ...
    
    skm_mls: set extra runs based on previous optim s ... done.
    
    skm_mls: optimizing on k <6> ... done.
    
    skm_mls: optimizing on k <7> ...
    
    skm_mls: set extra runs based on previous optim s ...
    
    skm_mls: encounter better solution at jk <3> run based on previous optim s ...
    
    skm_mls: set extra runs based on previous optim s ... done.
    
    skm_mls: optimizing on k <7> ... done.
    
    skm_mls: optimizing on k <8> ...
Flavor: r-patched-solaris-x86

Version: 0.1.5.4
Check: re-building of vignette outputs
Result: FAIL
Flavors: r-release-osx-x86_64, r-oldrel-osx-x86_64