CRAN Package Check Results for Package skynet

Last updated on 2020-01-27 07:55:19 CET.

Flavor Version Tinstall Tcheck Ttotal Status Flags
r-devel-linux-x86_64-debian-clang 1.3.0 7.31 71.82 79.13 OK
r-devel-linux-x86_64-debian-gcc 1.3.0 6.86 54.26 61.12 OK
r-devel-linux-x86_64-fedora-clang 1.3.0 93.21 NOTE
r-devel-linux-x86_64-fedora-gcc 1.3.0 91.16 NOTE
r-devel-windows-ix86+x86_64 1.3.0 21.00 127.00 148.00 OK
r-devel-windows-ix86+x86_64-gcc8 1.3.0 34.00 91.00 125.00 OK
r-patched-linux-x86_64 1.3.0 6.69 64.62 71.31 OK
r-patched-solaris-x86 1.3.0 128.50 NOTE
r-release-linux-x86_64 1.3.0 6.60 63.79 70.39 OK
r-release-windows-ix86+x86_64 1.3.0 15.00 89.00 104.00 OK
r-release-osx-x86_64 1.3.0 NOTE
r-oldrel-windows-ix86+x86_64 1.3.0 11.00 84.00 95.00 OK
r-oldrel-osx-x86_64 1.3.0 NOTE

Check Details

Version: 1.3.0
Check: dependencies in R code
Result: NOTE
    Namespace in Imports field not imported from: ‘maps’
     All declared Imports should be used.
Flavors: r-devel-linux-x86_64-fedora-clang, r-devel-linux-x86_64-fedora-gcc, r-patched-solaris-x86, r-release-osx-x86_64, r-oldrel-osx-x86_64