CRAN Package Check Results for Package snowfall

Last updated on 2015-05-28 09:47:38.

Flavor Version Tinstall Tcheck Ttotal Status Flags
r-devel-linux-x86_64-debian-clang 1.84-6 0.66 14.17 14.83 NOTE
r-devel-linux-x86_64-debian-gcc 1.84-6 0.78 13.87 14.66 NOTE
r-devel-linux-x86_64-fedora-clang 1.84-6 28.49 NOTE
r-devel-linux-x86_64-fedora-gcc 1.84-6 26.49 NOTE
r-devel-osx-x86_64-clang 1.84-6 37.48 NOTE
r-devel-windows-ix86+x86_64 1.84-6 3.00 24.00 27.00 NOTE
r-patched-linux-x86_64 1.84-6 0.62 13.92 14.55 NOTE
r-patched-solaris-sparc 1.84-6 171.20 NOTE
r-patched-solaris-x86 1.84-6 38.90 NOTE
r-release-linux-x86_64 1.84-6 0.62 14.90 15.52 NOTE
r-release-osx-x86_64-mavericks 1.84-6 NOTE
r-release-osx-x86_64-snowleopard 1.84-6 NOTE
r-release-windows-ix86+x86_64 1.84-6 2.00 29.00 31.00 NOTE
r-oldrel-windows-ix86+x86_64 1.84-6 3.00 25.00 28.00 NOTE

Check Details

Version: 1.84-6
Check: DESCRIPTION meta-information
Result: NOTE
    Malformed Title field: should not end in a period.
Flavors: r-devel-linux-x86_64-debian-clang, r-devel-linux-x86_64-debian-gcc, r-devel-linux-x86_64-fedora-clang, r-devel-linux-x86_64-fedora-gcc, r-devel-osx-x86_64-clang, r-devel-windows-ix86+x86_64, r-patched-linux-x86_64, r-patched-solaris-sparc, r-patched-solaris-x86, r-release-linux-x86_64, r-release-osx-x86_64-mavericks, r-release-osx-x86_64-snowleopard, r-release-windows-ix86+x86_64

Version: 1.84-6
Check: dependencies in R code
Result: NOTE
    Package in Depends field not imported from: ‘snow’
     These packages need to be imported from (in the NAMESPACE file)
     for when this namespace is loaded but not attached.
Flavors: r-devel-linux-x86_64-debian-clang, r-devel-linux-x86_64-debian-gcc, r-devel-linux-x86_64-fedora-clang, r-devel-linux-x86_64-fedora-gcc, r-devel-osx-x86_64-clang, r-devel-windows-ix86+x86_64, r-patched-linux-x86_64, r-patched-solaris-sparc, r-patched-solaris-x86, r-release-linux-x86_64, r-release-osx-x86_64-mavericks, r-release-osx-x86_64-snowleopard, r-release-windows-ix86+x86_64, r-oldrel-windows-ix86+x86_64

Version: 1.84-6
Check: R code for possible problems
Result: NOTE
    sfApply: no visible global function definition for ‘parApply’
    sfClusterApply: no visible global function definition for
     ‘clusterApply’
    sfClusterApplyLB: no visible global function definition for
     ‘clusterApplyLB’
    sfClusterCall: no visible global function definition for ‘clusterCall’
    sfClusterSetupRNG: no visible global function definition for
     ‘clusterSetupRNG’
    sfClusterSetupRNGstream: no visible global function definition for
     ‘clusterSetupRNGstream’
    sfClusterSetupSPRNG: no visible global function definition for
     ‘clusterSetupSPRNG’
    sfClusterSplit: no visible global function definition for
     ‘clusterSplit’
    sfInit: no visible global function definition for
     ‘setDefaultClusterOptions’
    sfInit: no visible global function definition for ‘makeCluster’
    sfInit: no visible global function definition for ‘makeNWScluster’
    sfInit: no visible global function definition for ‘makeMPIcluster’
    sfLapply: no visible global function definition for ‘parLapply’
    sfMM: no visible global function definition for ‘parMM’
    sfSapply: no visible global function definition for ‘parSapply’
    sfStop: no visible global function definition for ‘stopCluster’
Flavors: r-devel-linux-x86_64-debian-clang, r-devel-linux-x86_64-debian-gcc, r-devel-linux-x86_64-fedora-clang, r-devel-linux-x86_64-fedora-gcc, r-devel-osx-x86_64-clang, r-devel-windows-ix86+x86_64, r-patched-linux-x86_64, r-patched-solaris-sparc, r-patched-solaris-x86, r-release-linux-x86_64, r-release-osx-x86_64-mavericks, r-release-osx-x86_64-snowleopard, r-release-windows-ix86+x86_64, r-oldrel-windows-ix86+x86_64

Version: 1.84-6
Check: package dependencies
Result: NOTE
    Package suggested but not available for checking: ‘Rmpi’
Flavors: r-release-osx-x86_64-mavericks, r-release-osx-x86_64-snowleopard