CRAN Package Check Results for Package snowfall

Last updated on 2014-04-24 09:49:11.

Flavor Version Tinstall Tcheck Ttotal Status Flags
r-devel-linux-x86_64-debian-clang 1.84-6 0.75 14.86 15.61 NOTE
r-devel-linux-x86_64-debian-gcc 1.84-6 0.82 14.84 15.66 NOTE
r-devel-linux-x86_64-fedora-clang 1.84-6 32.09 NOTE
r-devel-linux-x86_64-fedora-gcc 1.84-6 30.34 NOTE
r-devel-osx-x86_64-clang 1.84-6 36.37 NOTE
r-devel-osx-x86_64-gcc 1.84-6 NOTE
r-devel-windows-ix86+x86_64 1.84-6 3.00 24.00 27.00 NOTE
r-patched-linux-x86_64 1.84-6 0.82 14.70 15.52 NOTE
r-patched-solaris-sparc 1.84-6 165.00 NOTE
r-patched-solaris-x86 1.84-6 44.80 NOTE
r-release-linux-ix86 1.84-6 2.00 32.00 34.00 NOTE
r-release-linux-x86_64 1.84-6 1.09 14.48 15.57 NOTE
r-release-osx-x86_64-mavericks 1.84-6 WARN
r-release-osx-x86_64-snowleopard 1.84-6 OK
r-release-windows-ix86+x86_64 1.84-6 5.00 27.00 32.00 NOTE
r-oldrel-windows-ix86+x86_64 1.84-6 3.00 25.00 28.00 NOTE

Check Details

Version: 1.84-6
Check: dependencies in R code
Result: NOTE
    Package in Depends field not imported from: ‘snow’
     These packages need to be imported from (in the NAMESPACE file)
     for when this namespace is loaded but not attached.
    See the information on DESCRIPTION files in the chapter ‘Creating R
    packages’ of the ‘Writing R Extensions’ manual.
Flavors: r-devel-linux-x86_64-debian-clang, r-devel-linux-x86_64-debian-gcc, r-devel-linux-x86_64-fedora-clang, r-devel-linux-x86_64-fedora-gcc, r-devel-osx-x86_64-clang, r-devel-osx-x86_64-gcc, r-devel-windows-ix86+x86_64, r-patched-linux-x86_64, r-patched-solaris-sparc, r-patched-solaris-x86, r-release-linux-ix86, r-release-linux-x86_64, r-release-osx-x86_64-mavericks, r-release-windows-ix86+x86_64, r-oldrel-windows-ix86+x86_64

Version: 1.84-6
Check: package dependencies
Result: NOTE
    Package suggested but not available for checking: ‘Rmpi’
Flavors: r-devel-osx-x86_64-gcc, r-release-osx-x86_64-mavericks

Version: 1.84-6
Check: R code for possible problems
Result: NOTE
    Error : .onLoad failed in loadNamespace() for 'Rmpi', details:
     call: inDL(x, as.logical(local), as.logical(now), ...)
     error: unable to load shared object 'd:/RCompile/CRANpkg/lib/3.2/Rmpi/libs/x64/Rmpi.dll':
     LoadLibrary failure: Das angegebene Modul wurde nicht gefunden.
Flavor: r-devel-windows-ix86+x86_64

Version: 1.84-6
Check: PDF version of manual
Result: WARNING
    LaTeX errors when creating PDF version.
    This typically indicates Rd problems.
    LaTeX errors found:
    ! LaTeX Error: File `upquote.sty' not found.
    
    Type X to quit or <RETURN> to proceed,
    or enter new name. (Default extension: sty)
    
    40a7ffe/Rd2.tex:8: ==> Fatal error occurred, no output PDF file produced!
Flavor: r-release-osx-x86_64-mavericks

Version: 1.84-6
Check: R code for possible problems
Result: NOTE
    Error : .onLoad failed in loadNamespace() for 'Rmpi', details:
     call: inDL(x, as.logical(local), as.logical(now), ...)
     error: unable to load shared object 'd:/RCompile/CRANpkg/lib/3.1/Rmpi/libs/x64/Rmpi.dll':
     LoadLibrary failure: Das angegebene Modul wurde nicht gefunden.
Flavor: r-release-windows-ix86+x86_64

Version: 1.84-6
Check: R code for possible problems
Result: NOTE
    Error : .onLoad failed in loadNamespace() for 'Rmpi', details:
     call: inDL(x, as.logical(local), as.logical(now), ...)
     error: unable to load shared object 'd:/RCompile/CRANpkg/lib/3.0/Rmpi/libs/x64/Rmpi.dll':
     LoadLibrary failure: Das angegebene Modul wurde nicht gefunden.
Flavor: r-oldrel-windows-ix86+x86_64