CRAN Package Check Results for Package snowfall

Last updated on 2015-06-30 09:47:13.

Flavor Version Tinstall Tcheck Ttotal Status Flags
r-devel-linux-x86_64-debian-clang 1.84-6 0.62 13.54 14.16 NOTE
r-devel-linux-x86_64-debian-gcc 1.84-6 0.60 13.56 14.16 NOTE
r-devel-linux-x86_64-fedora-clang 1.84-6 27.49 NOTE
r-devel-linux-x86_64-fedora-gcc 1.84-6 25.37 NOTE
r-devel-osx-x86_64-clang 1.84-6 27.31 NOTE
r-devel-windows-ix86+x86_64 1.84-6 3.00 24.00 27.00 NOTE
r-patched-linux-x86_64 1.84-6 0.61 14.52 15.14 NOTE
r-patched-solaris-sparc 1.84-6 171.20 NOTE
r-patched-solaris-x86 1.84-6 39.80 NOTE
r-release-linux-x86_64 1.84-6 0.62 14.75 15.38 NOTE
r-release-osx-x86_64-mavericks 1.84-6 NOTE
r-release-windows-ix86+x86_64 1.84-6 2.00 29.00 31.00 NOTE
r-oldrel-windows-ix86+x86_64 1.84-6 3.00 25.00 28.00 NOTE

Check Details

Version: 1.84-6
Check: DESCRIPTION meta-information
Result: NOTE
    Malformed Title field: should not end in a period.
Flavors: r-devel-linux-x86_64-debian-clang, r-devel-linux-x86_64-debian-gcc, r-devel-linux-x86_64-fedora-clang, r-devel-linux-x86_64-fedora-gcc, r-devel-osx-x86_64-clang, r-devel-windows-ix86+x86_64, r-patched-linux-x86_64, r-patched-solaris-sparc, r-patched-solaris-x86, r-release-linux-x86_64, r-release-osx-x86_64-mavericks, r-release-windows-ix86+x86_64

Version: 1.84-6
Check: dependencies in R code
Result: NOTE
    Package in Depends field not imported from: ‘snow’
     These packages need to be imported from (in the NAMESPACE file)
     for when this namespace is loaded but not attached.
Flavors: r-devel-linux-x86_64-debian-clang, r-devel-linux-x86_64-debian-gcc, r-devel-linux-x86_64-fedora-clang, r-devel-linux-x86_64-fedora-gcc, r-devel-osx-x86_64-clang, r-devel-windows-ix86+x86_64, r-patched-linux-x86_64, r-patched-solaris-sparc, r-patched-solaris-x86, r-release-linux-x86_64, r-release-osx-x86_64-mavericks, r-release-windows-ix86+x86_64, r-oldrel-windows-ix86+x86_64

Version: 1.84-6
Check: R code for possible problems
Result: NOTE
    getVar: no visible global function definition for ‘getFromNamespace’
    setVar: no visible global function definition for ‘assignInNamespace’
    sfApply: no visible global function definition for ‘parApply’
    sfClusterApply: no visible global function definition for
     ‘clusterApply’
    sfClusterApplyLB: no visible global function definition for
     ‘clusterApplyLB’
    sfClusterCall: no visible global function definition for ‘clusterCall’
    sfClusterSetupRNG: no visible global function definition for
     ‘clusterSetupRNG’
    sfClusterSetupRNGstream: no visible global function definition for
     ‘clusterSetupRNGstream’
    sfClusterSetupSPRNG: no visible global function definition for ‘runif’
    sfClusterSetupSPRNG: no visible global function definition for
     ‘clusterSetupSPRNG’
    sfClusterSplit: no visible global function definition for
     ‘clusterSplit’
    sfExport: no visible global function definition for ‘getFromNamespace’
    sfExportAll: no visible global function definition for ‘na.omit’
    sfInit: Error while checking: invalid ‘envir’ argument
    sfLapply: no visible global function definition for ‘parLapply’
    sfMM: no visible global function definition for ‘parMM’
    sfSapply: no visible global function definition for ‘parSapply’
    sfStop: no visible global function definition for ‘stopCluster’
    sfTest : testCalc1: no visible global function definition for ‘runif’
    sfTest : testCalc2: no visible global function definition for ‘runif’
Flavors: r-devel-linux-x86_64-debian-clang, r-devel-linux-x86_64-debian-gcc

Version: 1.84-6
Check: R code for possible problems
Result: NOTE
    sfApply: no visible global function definition for ‘parApply’
    sfClusterApply: no visible global function definition for
     ‘clusterApply’
    sfClusterApplyLB: no visible global function definition for
     ‘clusterApplyLB’
    sfClusterCall: no visible global function definition for ‘clusterCall’
    sfClusterSetupRNG: no visible global function definition for
     ‘clusterSetupRNG’
    sfClusterSetupRNGstream: no visible global function definition for
     ‘clusterSetupRNGstream’
    sfClusterSetupSPRNG: no visible global function definition for
     ‘clusterSetupSPRNG’
    sfClusterSplit: no visible global function definition for
     ‘clusterSplit’
    sfInit: no visible global function definition for
     ‘setDefaultClusterOptions’
    sfInit: no visible global function definition for ‘makeCluster’
    sfInit: no visible global function definition for ‘makeNWScluster’
    sfInit: no visible global function definition for ‘makeMPIcluster’
    sfLapply: no visible global function definition for ‘parLapply’
    sfMM: no visible global function definition for ‘parMM’
    sfSapply: no visible global function definition for ‘parSapply’
    sfStop: no visible global function definition for ‘stopCluster’
Flavors: r-devel-linux-x86_64-fedora-clang, r-devel-linux-x86_64-fedora-gcc, r-devel-osx-x86_64-clang, r-devel-windows-ix86+x86_64, r-patched-linux-x86_64, r-patched-solaris-sparc, r-patched-solaris-x86, r-release-linux-x86_64, r-release-osx-x86_64-mavericks, r-release-windows-ix86+x86_64, r-oldrel-windows-ix86+x86_64

Version: 1.84-6
Check: package dependencies
Result: NOTE
    Package suggested but not available for checking: ‘Rmpi’
Flavor: r-release-osx-x86_64-mavericks