CRAN Package Check Results for Package sobir

Last updated on 2020-01-18 08:00:02 CET.

Flavor Version Tinstall Tcheck Ttotal Status Flags
r-devel-linux-x86_64-debian-clang 0.1.2 10.03 216.12 226.15 OK
r-devel-linux-x86_64-debian-gcc 0.1.2 8.01 148.63 156.64 OK
r-devel-linux-x86_64-fedora-clang 0.1.2 255.16 NOTE
r-devel-linux-x86_64-fedora-gcc 0.1.2 252.93 NOTE
r-devel-windows-ix86+x86_64 0.1.2 39.00 269.00 308.00 OK
r-devel-windows-ix86+x86_64-gcc8 0.1.2 26.00 267.00 293.00 OK
r-patched-linux-x86_64 0.1.2 8.97 183.55 192.52 OK
r-patched-solaris-x86 0.1.2 291.80 NOTE
r-release-linux-x86_64 0.1.2 9.23 181.83 191.06 OK
r-release-windows-ix86+x86_64 0.1.2 28.00 194.00 222.00 OK
r-release-osx-x86_64 0.1.2 NOTE
r-oldrel-windows-ix86+x86_64 0.1.2 20.00 251.00 271.00 OK
r-oldrel-osx-x86_64 0.1.2 NOTE

Check Details

Version: 0.1.2
Check: dependencies in R code
Result: NOTE
    Namespaces in Imports field not imported from:
     ‘devtools’ ‘raster’ ‘rlang’ ‘sp’ ‘usethis’
     All declared Imports should be used.
Flavors: r-devel-linux-x86_64-fedora-clang, r-devel-linux-x86_64-fedora-gcc, r-patched-solaris-x86, r-release-osx-x86_64, r-oldrel-osx-x86_64