CRAN Package Check Results for Package sociome

Last updated on 2020-01-16 17:48:23 CET.

Flavor Version Tinstall Tcheck Ttotal Status Flags
r-devel-linux-x86_64-debian-clang 1.3.0 8.46 77.12 85.58 WARN
r-devel-linux-x86_64-debian-gcc 1.3.0 7.48 57.89 65.37 WARN
r-devel-linux-x86_64-fedora-clang 1.3.0 101.89 WARN
r-devel-linux-x86_64-fedora-gcc 1.3.0 97.25 WARN
r-devel-windows-ix86+x86_64 1.3.0 36.00 156.00 192.00 OK
r-devel-windows-ix86+x86_64-gcc8 1.3.0 25.00 146.00 171.00 OK
r-patched-linux-x86_64 1.3.0 7.44 66.21 73.65 WARN
r-patched-solaris-x86 1.3.0 148.70 WARN
r-release-linux-x86_64 1.3.0 6.96 66.22 73.18 WARN
r-release-windows-ix86+x86_64 1.3.0 36.00 140.00 176.00 OK
r-release-osx-x86_64 1.3.0 OK
r-oldrel-windows-ix86+x86_64 1.3.0 21.00 108.00 129.00 WARN
r-oldrel-osx-x86_64 1.3.0 OK

Check Details

Version: 1.3.0
Check: Rd cross-references
Result: WARN
    Missing link or links in documentation object 'get_adi.Rd':
     '[tigris:tigris-package]{tigris}'
    
    See section 'Cross-references' in the 'Writing R Extensions' manual.
Flavors: r-devel-linux-x86_64-debian-clang, r-devel-linux-x86_64-debian-gcc, r-devel-linux-x86_64-fedora-clang, r-devel-linux-x86_64-fedora-gcc, r-patched-linux-x86_64, r-patched-solaris-x86, r-release-linux-x86_64, r-oldrel-windows-ix86+x86_64