CRAN Package Check Results for Package sonicscrewdriver

Last updated on 2020-02-18 23:48:48 CET.

Flavor Version Tinstall Tcheck Ttotal Status Flags
r-devel-linux-x86_64-debian-clang 0.0.1 6.37 60.76 67.13 OK
r-devel-linux-x86_64-debian-gcc 0.0.1 5.43 45.63 51.06 OK
r-devel-linux-x86_64-fedora-clang 0.0.1 78.83 NOTE
r-devel-linux-x86_64-fedora-gcc 0.0.1 77.03 NOTE
r-devel-windows-ix86+x86_64 0.0.1 17.00 76.00 93.00 OK
r-devel-windows-ix86+x86_64-gcc8 0.0.1 21.00 72.00 93.00 OK
r-patched-linux-x86_64 0.0.1 5.82 50.77 56.59 OK
r-patched-solaris-x86 0.0.1 100.20 NOTE
r-release-linux-x86_64 0.0.1 5.92 52.59 58.51 OK
r-release-windows-ix86+x86_64 0.0.1 13.00 67.00 80.00 OK
r-release-osx-x86_64 0.0.1 NOTE
r-oldrel-windows-ix86+x86_64 0.0.1 9.00 67.00 76.00 OK
r-oldrel-osx-x86_64 0.0.1 NOTE

Check Details

Version: 0.0.1
Check: dependencies in R code
Result: NOTE
    Namespace in Imports field not imported from: ‘methods’
     All declared Imports should be used.
Flavors: r-devel-linux-x86_64-fedora-clang, r-devel-linux-x86_64-fedora-gcc, r-patched-solaris-x86, r-release-osx-x86_64, r-oldrel-osx-x86_64