CRAN Package Check Results for Package spBayesSurv

Last updated on 2020-01-18 08:00:02 CET.

Flavor Version Tinstall Tcheck Ttotal Status Flags
r-devel-linux-x86_64-debian-clang 1.1.3 478.43 92.10 570.53 OK
r-devel-linux-x86_64-debian-gcc 1.1.3 362.90 69.33 432.23 OK
r-devel-linux-x86_64-fedora-clang 1.1.3 780.31 NOTE
r-devel-linux-x86_64-fedora-gcc 1.1.3 789.94 NOTE
r-devel-windows-ix86+x86_64 1.1.3 1049.00 207.00 1256.00 NOTE
r-devel-windows-ix86+x86_64-gcc8 1.1.3 848.00 205.00 1053.00 NOTE
r-patched-linux-x86_64 1.1.3 381.95 84.19 466.14 OK
r-patched-solaris-x86 1.1.3 599.90 NOTE
r-release-linux-x86_64 1.1.3 368.21 84.67 452.88 OK
r-release-windows-ix86+x86_64 1.1.3 1064.00 156.00 1220.00 NOTE
r-release-osx-x86_64 1.1.3 NOTE
r-oldrel-windows-ix86+x86_64 1.1.3 939.00 156.00 1095.00 NOTE
r-oldrel-osx-x86_64 1.1.3 NOTE

Check Details

Version: 1.1.3
Check: installed package size
Result: NOTE
     installed size is 31.9Mb
     sub-directories of 1Mb or more:
     libs 30.1Mb
Flavors: r-devel-linux-x86_64-fedora-clang, r-devel-windows-ix86+x86_64, r-devel-windows-ix86+x86_64-gcc8, r-release-windows-ix86+x86_64, r-release-osx-x86_64, r-oldrel-windows-ix86+x86_64, r-oldrel-osx-x86_64

Version: 1.1.3
Check: dependencies in R code
Result: NOTE
    Namespace in Imports field not imported from: ‘MASS’
     All declared Imports should be used.
Flavors: r-devel-linux-x86_64-fedora-clang, r-devel-linux-x86_64-fedora-gcc, r-patched-solaris-x86, r-release-osx-x86_64, r-oldrel-osx-x86_64