CRAN Package Check Results for Package spatialprobit

Last updated on 2020-02-27 07:49:53 CET.

Flavor Version Tinstall Tcheck Ttotal Status Flags
r-devel-linux-x86_64-debian-clang 0.9-11 16.66 143.08 159.74 OK
r-devel-linux-x86_64-debian-gcc 0.9-11 15.57 111.80 127.37 OK
r-devel-linux-x86_64-fedora-clang 0.9-11 212.15 WARN
r-devel-linux-x86_64-fedora-gcc 0.9-11 197.70 WARN
r-devel-windows-ix86+x86_64 0.9-11 28.00 142.00 170.00 OK
r-devel-windows-ix86+x86_64-gcc8 0.9-11 33.00 154.00 187.00 OK
r-patched-linux-x86_64 0.9-11 17.18 125.91 143.09 OK
r-patched-solaris-x86 0.9-11 298.00 OK
r-release-linux-x86_64 0.9-11 15.91 127.30 143.21 OK
r-release-windows-ix86+x86_64 0.9-11 29.00 129.00 158.00 OK
r-release-osx-x86_64 0.9-11 OK
r-oldrel-windows-ix86+x86_64 0.9-11 18.00 132.00 150.00 OK
r-oldrel-osx-x86_64 0.9-11 OK

Check Details

Version: 0.9-11
Check: whether package can be installed
Result: WARN
    Found the following significant warnings:
     Warning: namespace ‘rgdal’ is not available and has been replaced
Flavors: r-devel-linux-x86_64-fedora-clang, r-devel-linux-x86_64-fedora-gcc