CRAN Package Check Results for Package spdep

Last updated on 2020-01-23 15:48:13 CET.

Flavor Version Tinstall Tcheck Ttotal Status Flags
r-devel-linux-x86_64-debian-clang 1.1-3 40.98 242.03 283.01 OK
r-devel-linux-x86_64-debian-gcc 1.1-3 31.93 185.21 217.14 OK
r-devel-linux-x86_64-fedora-clang 1.1-3 355.27 OK
r-devel-linux-x86_64-fedora-gcc 1.1-3 329.62 OK
r-devel-windows-ix86+x86_64 1.1-3 87.00 445.00 532.00 OK
r-devel-windows-ix86+x86_64-gcc8 1.1-3 94.00 331.00 425.00 OK
r-patched-linux-x86_64 1.1-3 32.48 257.48 289.96 OK
r-patched-solaris-x86 1.1-3 542.20 OK
r-release-linux-x86_64 1.1-3 30.88 258.09 288.97 OK
r-release-windows-ix86+x86_64 1.1-3 63.00 475.00 538.00 OK
r-release-osx-x86_64 1.1-3 OK
r-oldrel-windows-ix86+x86_64 1.1-3 54.00 305.00 359.00 ERROR
r-oldrel-osx-x86_64 1.1-3 OK

Additional issues

noSuggests

Check Details

Version: 1.1-3
Check: whether package can be installed
Result: ERROR
    Installation failed.
Flavor: r-oldrel-windows-ix86+x86_64