CRAN Package Check Results for Package sppmix

Last updated on 2020-01-26 07:52:35 CET.

Flavor Version Tinstall Tcheck Ttotal Status Flags
r-devel-linux-x86_64-debian-clang 1.0.2 172.74 134.56 307.30 NOTE
r-devel-linux-x86_64-debian-gcc 1.0.2 127.76 101.71 229.47 NOTE
r-devel-linux-x86_64-fedora-clang 1.0.2 399.83 NOTE
r-devel-linux-x86_64-fedora-gcc 1.0.2 413.57 NOTE
r-devel-windows-ix86+x86_64 1.0.2 460.00 282.00 742.00 NOTE
r-devel-windows-ix86+x86_64-gcc8 1.0.2 444.00 220.00 664.00 NOTE
r-patched-linux-x86_64 1.0.2 135.64 115.80 251.44 NOTE
r-patched-solaris-x86 1.0.2 385.30 NOTE
r-release-linux-x86_64 1.0.2 136.52 115.78 252.30 NOTE
r-release-windows-ix86+x86_64 1.0.2 280.00 201.00 481.00 NOTE
r-release-osx-x86_64 1.0.2 WARN
r-oldrel-windows-ix86+x86_64 1.0.2 244.00 153.00 397.00 ERROR
r-oldrel-osx-x86_64 1.0.2 NOTE

Check Details

Version: 1.0.2
Check: line endings in C/C++/Fortran sources/headers
Result: NOTE
    Found the following sources/headers with CR or CRLF line endings:
     inst/include/sppmix.h
    Some Unix compilers require LF line endings.
Flavors: r-devel-linux-x86_64-debian-clang, r-devel-linux-x86_64-debian-gcc, r-devel-linux-x86_64-fedora-clang, r-devel-linux-x86_64-fedora-gcc, r-devel-windows-ix86+x86_64, r-devel-windows-ix86+x86_64-gcc8, r-patched-linux-x86_64, r-patched-solaris-x86, r-release-linux-x86_64, r-release-windows-ix86+x86_64, r-release-osx-x86_64

Version: 1.0.2
Check: installed package size
Result: NOTE
     installed size is 15.3Mb
     sub-directories of 1Mb or more:
     data 5.4Mb
     libs 9.2Mb
Flavors: r-devel-linux-x86_64-fedora-clang, r-devel-windows-ix86+x86_64, r-devel-windows-ix86+x86_64-gcc8, r-patched-solaris-x86, r-release-windows-ix86+x86_64, r-release-osx-x86_64, r-oldrel-osx-x86_64

Version: 1.0.2
Check: data for non-ASCII characters
Result: NOTE
     Note: found 17 marked UTF-8 strings
Flavors: r-devel-linux-x86_64-fedora-clang, r-devel-linux-x86_64-fedora-gcc, r-patched-solaris-x86, r-release-osx-x86_64, r-oldrel-osx-x86_64

Version: 1.0.2
Check: whether package can be installed
Result: WARN
    Found the following significant warnings:
     Warning: 'rgl_init' failed, running with rgl.useNULL = TRUE
Flavor: r-release-osx-x86_64

Version: 1.0.2
Check: whether package can be installed
Result: ERROR
    Installation failed.
Flavor: r-oldrel-windows-ix86+x86_64