CRAN Package Check Results for Package stminsights

Last updated on 2020-01-18 08:00:02 CET.

Flavor Version Tinstall Tcheck Ttotal Status Flags
r-devel-linux-x86_64-debian-clang 0.3.0 10.11 110.55 120.66 OK
r-devel-linux-x86_64-debian-gcc 0.3.0 10.20 82.51 92.71 OK
r-devel-linux-x86_64-fedora-clang 0.3.0 152.86 NOTE
r-devel-linux-x86_64-fedora-gcc 0.3.0 148.86 NOTE
r-devel-windows-ix86+x86_64 0.3.0 49.00 168.00 217.00 OK
r-devel-windows-ix86+x86_64-gcc8 0.3.0 28.00 173.00 201.00 OK
r-patched-linux-x86_64 0.3.0 9.57 98.19 107.76 OK
r-patched-solaris-x86 0.3.0 204.60 NOTE
r-release-linux-x86_64 0.3.0 10.64 97.49 108.13 OK
r-release-windows-ix86+x86_64 0.3.0 35.00 113.00 148.00 OK
r-release-osx-x86_64 0.3.0 NOTE
r-oldrel-windows-ix86+x86_64 0.3.0 24.00 156.00 180.00 OK
r-oldrel-osx-x86_64 0.3.0 NOTE

Check Details

Version: 0.3.0
Check: dependencies in R code
Result: NOTE
    Namespaces in Imports field not imported from:
     ‘huge’ ‘readr’ ‘scales’ ‘shinyjs’
     All declared Imports should be used.
Flavors: r-devel-linux-x86_64-fedora-clang, r-devel-linux-x86_64-fedora-gcc, r-patched-solaris-x86, r-release-osx-x86_64, r-oldrel-osx-x86_64