CRAN Package Check Results for Package stplanr

Last updated on 2020-01-19 07:56:32 CET.

Flavor Version Tinstall Tcheck Ttotal Status Flags
r-devel-linux-x86_64-debian-clang 0.4.1 47.63 188.07 235.70 OK
r-devel-linux-x86_64-debian-gcc 0.4.1 34.40 140.61 175.01 OK
r-devel-linux-x86_64-fedora-clang 0.4.1 283.59 NOTE
r-devel-linux-x86_64-fedora-gcc 0.4.1 286.09 NOTE
r-devel-windows-ix86+x86_64 0.4.1 139.00 460.00 599.00 NOTE
r-devel-windows-ix86+x86_64-gcc8 0.4.1 96.00 420.00 516.00 NOTE
r-patched-linux-x86_64 0.4.1 40.22 160.59 200.81 OK
r-patched-solaris-x86 0.4.1 323.10 WARN
r-release-linux-x86_64 0.4.1 38.94 163.46 202.40 OK
r-release-windows-ix86+x86_64 0.4.1 118.00 417.00 535.00 NOTE
r-release-osx-x86_64 0.4.1 WARN
r-oldrel-windows-ix86+x86_64 0.4.1 111.00 358.00 469.00 NOTE
r-oldrel-osx-x86_64 0.4.1 WARN

Check Details

Version: 0.4.1
Check: installed package size
Result: NOTE
     installed size is 6.5Mb
     sub-directories of 1Mb or more:
     doc 3.0Mb
     libs 1.4Mb
Flavors: r-devel-linux-x86_64-fedora-clang, r-devel-windows-ix86+x86_64, r-devel-windows-ix86+x86_64-gcc8, r-patched-solaris-x86, r-release-windows-ix86+x86_64, r-release-osx-x86_64, r-oldrel-windows-ix86+x86_64, r-oldrel-osx-x86_64

Version: 0.4.1
Check: dependencies in R code
Result: NOTE
    Namespaces in Imports field not imported from:
     ‘lubridate’ ‘readr’
     All declared Imports should be used.
Flavors: r-devel-linux-x86_64-fedora-clang, r-devel-linux-x86_64-fedora-gcc, r-patched-solaris-x86, r-release-osx-x86_64, r-oldrel-osx-x86_64

Version: 0.4.1
Check: re-building of vignette outputs
Result: WARN
    Error(s) in re-building vignettes:
     ...
    --- re-building ‘stplanr-od.Rmd’ using rmarkdown
    Warning in engine$weave(file, quiet = quiet, encoding = enc) :
     Pandoc (>= 1.12.3) and/or pandoc-citeproc not available. Falling back to R Markdown v1.
    
    Attaching package: 'dplyr'
    
    The following objects are masked from 'package:stats':
    
     filter, lag
    
    The following objects are masked from 'package:base':
    
     intersect, setdiff, setequal, union
    
    Quitting from lines 213-217 (stplanr-od.Rmd)
    Error: processing vignette 'stplanr-od.Rmd' failed with diagnostics:
    there is no package called 'webshot'
    --- failed re-building ‘stplanr-od.Rmd’
    
    --- re-building ‘stplanr-paper.Rmd’ using rmarkdown
    Warning in engine$weave(file, quiet = quiet, encoding = enc) :
     Pandoc (>= 1.12.3) and/or pandoc-citeproc not available. Falling back to R Markdown v1.
    --- finished re-building ‘stplanr-paper.Rmd’
    
    --- re-building ‘stplanr-route-nets.Rmd’ using rmarkdown
    Warning in engine$weave(file, quiet = quiet, encoding = enc) :
     Pandoc (>= 1.12.3) and/or pandoc-citeproc not available. Falling back to R Markdown v1.
    Linking to GEOS 3.6.3, GDAL 2.2.4, PROJ 5.2.0
    2020-01-14 04:22:45 constructing segments
    2020-01-14 04:22:45 building geometry
    2020-01-14 04:22:45 simplifying geometry
    2020-01-14 04:22:45 aggregating flows
    2020-01-14 04:22:45 rejoining segments into linestrings
    --- finished re-building ‘stplanr-route-nets.Rmd’
    
    --- re-building ‘stplanr-routing.Rmd’ using rmarkdown
    Warning in engine$weave(file, quiet = quiet, encoding = enc) :
     Pandoc (>= 1.12.3) and/or pandoc-citeproc not available. Falling back to R Markdown v1.
    --- finished re-building ‘stplanr-routing.Rmd’
    
    --- re-building ‘stplanr.Rmd’ using rmarkdown
    Warning in engine$weave(file, quiet = quiet, encoding = enc) :
     Pandoc (>= 1.12.3) and/or pandoc-citeproc not available. Falling back to R Markdown v1.
    --- finished re-building ‘stplanr.Rmd’
    
    SUMMARY: processing the following file failed:
     ‘stplanr-od.Rmd’
    
    Error: Vignette re-building failed.
    Execution halted
Flavor: r-patched-solaris-x86

Version: 0.4.1
Check: re-building of vignette outputs
Result: WARN
    Error(s) in re-building vignettes:
    --- re-building ‘stplanr-od.Rmd’ using rmarkdown
    Warning in engine$weave(file, quiet = quiet, encoding = enc) :
     Pandoc (>= 1.12.3) and/or pandoc-citeproc not available. Falling back to R Markdown v1.
    
    Attaching package: 'dplyr'
    
    The following objects are masked from 'package:stats':
    
     filter, lag
    
    The following objects are masked from 'package:base':
    
     intersect, setdiff, setequal, union
    
    Quitting from lines 213-217 (stplanr-od.Rmd)
    Error: processing vignette 'stplanr-od.Rmd' failed with diagnostics:
    cannot open the connection
    --- failed re-building ‘stplanr-od.Rmd’
    
    --- re-building ‘stplanr-paper.Rmd’ using rmarkdown
    Warning in engine$weave(file, quiet = quiet, encoding = enc) :
     Pandoc (>= 1.12.3) and/or pandoc-citeproc not available. Falling back to R Markdown v1.
    --- finished re-building ‘stplanr-paper.Rmd’
    
    --- re-building ‘stplanr-route-nets.Rmd’ using rmarkdown
    Warning in engine$weave(file, quiet = quiet, encoding = enc) :
     Pandoc (>= 1.12.3) and/or pandoc-citeproc not available. Falling back to R Markdown v1.
    Linking to GEOS 3.7.2, GDAL 2.4.2, PROJ 5.2.0
    2019-11-24 17:03:39 constructing segments
    2019-11-24 17:03:39 building geometry
    2019-11-24 17:03:39 simplifying geometry
    2019-11-24 17:03:39 aggregating flows
    2019-11-24 17:03:39 rejoining segments into linestrings
    --- finished re-building ‘stplanr-route-nets.Rmd’
    
    --- re-building ‘stplanr-routing.Rmd’ using rmarkdown
    Warning in engine$weave(file, quiet = quiet, encoding = enc) :
     Pandoc (>= 1.12.3) and/or pandoc-citeproc not available. Falling back to R Markdown v1.
    --- finished re-building ‘stplanr-routing.Rmd’
    
    --- re-building ‘stplanr.Rmd’ using rmarkdown
    Warning in engine$weave(file, quiet = quiet, encoding = enc) :
     Pandoc (>= 1.12.3) and/or pandoc-citeproc not available. Falling back to R Markdown v1.
    --- finished re-building ‘stplanr.Rmd’
    
    SUMMARY: processing the following file failed:
     ‘stplanr-od.Rmd’
    
    Error: Vignette re-building failed.
    Execution halted
Flavor: r-release-osx-x86_64

Version: 0.4.1
Check: re-building of vignette outputs
Result: WARN
    Error in re-building vignettes:
     ...
    Warning in engine$weave(file, quiet = quiet, encoding = enc) :
     Pandoc (>= 1.12.3) and/or pandoc-citeproc not available. Falling back to R Markdown v1.
    
    Attaching package: 'dplyr'
    
    The following objects are masked from 'package:stats':
    
     filter, lag
    
    The following objects are masked from 'package:base':
    
     intersect, setdiff, setequal, union
    
    Quitting from lines 213-217 (stplanr-od.Rmd)
    Error: processing vignette 'stplanr-od.Rmd' failed with diagnostics:
    cannot open the connection
    Execution halted
Flavor: r-oldrel-osx-x86_64