CRAN Package Check Results for Package surveillance

Last updated on 2020-01-26 07:52:35 CET.

Flavor Version Tinstall Tcheck Ttotal Status Flags
r-devel-linux-x86_64-debian-clang 1.17.3 71.12 542.62 613.74 NOTE
r-devel-linux-x86_64-debian-gcc 1.17.3 1.11 4.84 5.95 ERROR
r-devel-linux-x86_64-fedora-clang 1.17.3 8.96 ERROR
r-devel-linux-x86_64-fedora-gcc 1.17.3 4.84 ERROR
r-devel-windows-ix86+x86_64 1.17.3 126.00 769.00 895.00 NOTE --no-vignettes
r-devel-windows-ix86+x86_64-gcc8 1.17.3 167.00 806.00 973.00 NOTE --no-vignettes
r-patched-linux-x86_64 1.17.3 64.18 486.84 551.02 NOTE
r-patched-solaris-x86 1.17.3 863.70 NOTE
r-release-linux-x86_64 1.17.3 60.77 487.54 548.31 NOTE
r-release-windows-ix86+x86_64 1.17.3 119.00 949.00 1068.00 NOTE --no-vignettes
r-release-osx-x86_64 1.17.3 NOTE
r-oldrel-windows-ix86+x86_64 1.17.3 92.00 611.00 703.00 NOTE --no-vignettes
r-oldrel-osx-x86_64 1.17.3 NOTE

Check Details

Version: 1.17.3
Check: package dependencies
Result: NOTE
    Package suggested but not available for checking: 'INLA'
Flavors: r-devel-linux-x86_64-debian-clang, r-patched-linux-x86_64, r-patched-solaris-x86, r-release-linux-x86_64, r-release-osx-x86_64, r-oldrel-osx-x86_64

Version: 1.17.3
Check: package dependencies
Result: NOTE
    Packages suggested but not available for checking: 'hhh4contacts', 'INLA'
Flavor: r-devel-linux-x86_64-debian-gcc

Version: 1.17.3
Check: whether package can be installed
Result: ERROR
    Installation failed.
Flavors: r-devel-linux-x86_64-debian-gcc, r-devel-linux-x86_64-fedora-clang, r-devel-linux-x86_64-fedora-gcc

Version: 1.17.3
Flags: --no-vignettes
Check: installed package size
Result: NOTE
     installed size is 8.2Mb
     sub-directories of 1Mb or more:
     R 1.8Mb
     doc 2.3Mb
     libs 1.7Mb
Flavors: r-devel-windows-ix86+x86_64, r-devel-windows-ix86+x86_64-gcc8, r-release-windows-ix86+x86_64, r-oldrel-windows-ix86+x86_64

Version: 1.17.3
Check: installed package size
Result: NOTE
     installed size is 7.6Mb
     sub-directories of 1Mb or more:
     R 2.0Mb
     doc 2.8Mb
     help 1.0Mb
Flavors: r-patched-solaris-x86, r-release-osx-x86_64, r-oldrel-osx-x86_64

Version: 1.17.3
Flags: --no-vignettes
Check: dependencies in R code
Result: NOTE
    Missing or unexported object: 'grDevices::hcl.colors'
Flavor: r-oldrel-windows-ix86+x86_64

Version: 1.17.3
Check: dependencies in R code
Result: NOTE
    Missing or unexported object: ‘grDevices::hcl.colors’
Flavor: r-oldrel-osx-x86_64