CRAN Package Check Results for Package tableHTML

Last updated on 2020-01-18 08:00:03 CET.

Flavor Version Tinstall Tcheck Ttotal Status Flags
r-devel-linux-x86_64-debian-clang 2.0.0 5.44 54.79 60.23 NOTE
r-devel-linux-x86_64-debian-gcc 2.0.0 4.43 43.00 47.43 NOTE
r-devel-linux-x86_64-fedora-clang 2.0.0 75.51 NOTE
r-devel-linux-x86_64-fedora-gcc 2.0.0 72.23 NOTE
r-devel-windows-ix86+x86_64 2.0.0 18.00 100.00 118.00 NOTE
r-devel-windows-ix86+x86_64-gcc8 2.0.0 13.00 101.00 114.00 NOTE
r-patched-linux-x86_64 2.0.0 4.33 52.42 56.75 OK
r-patched-solaris-x86 2.0.0 88.60 NOTE
r-release-linux-x86_64 2.0.0 3.92 52.14 56.06 OK
r-release-windows-ix86+x86_64 2.0.0 15.00 70.00 85.00 NOTE
r-release-osx-x86_64 2.0.0 NOTE
r-oldrel-windows-ix86+x86_64 2.0.0 9.00 67.00 76.00 NOTE
r-oldrel-osx-x86_64 2.0.0 NOTE

Check Details

Version: 2.0.0
Check: for non-standard things in the check directory
Result: NOTE
    Found the following files/directories:
     'myhtmlcode.html'
Flavors: r-devel-linux-x86_64-debian-clang, r-devel-linux-x86_64-debian-gcc, r-devel-linux-x86_64-fedora-clang, r-devel-linux-x86_64-fedora-gcc

Version: 2.0.0
Check: installed package size
Result: NOTE
     installed size is 6.0Mb
     sub-directories of 1Mb or more:
     doc 5.8Mb
Flavors: r-devel-linux-x86_64-fedora-clang, r-devel-windows-ix86+x86_64, r-devel-windows-ix86+x86_64-gcc8, r-patched-solaris-x86, r-release-windows-ix86+x86_64, r-release-osx-x86_64, r-oldrel-windows-ix86+x86_64, r-oldrel-osx-x86_64

Version: 2.0.0
Check: dependencies in R code
Result: NOTE
    Namespace in Imports field not imported from: ‘shiny’
     All declared Imports should be used.
Flavors: r-devel-linux-x86_64-fedora-clang, r-devel-linux-x86_64-fedora-gcc, r-patched-solaris-x86, r-release-osx-x86_64, r-oldrel-osx-x86_64