CRAN Package Check Results for Package tablerDash

Last updated on 2020-02-18 23:48:50 CET.

Flavor Version Tinstall Tcheck Ttotal Status Flags
r-devel-linux-x86_64-debian-clang 0.1.0 3.46 21.50 24.96 OK
r-devel-linux-x86_64-debian-gcc 0.1.0 2.29 17.25 19.54 OK
r-devel-linux-x86_64-fedora-clang 0.1.0 29.66 NOTE
r-devel-linux-x86_64-fedora-gcc 0.1.0 28.99 NOTE
r-devel-windows-ix86+x86_64 0.1.0 10.00 38.00 48.00 OK
r-devel-windows-ix86+x86_64-gcc8 0.1.0 24.00 34.00 58.00 OK
r-patched-linux-x86_64 0.1.0 2.70 19.51 22.21 OK
r-patched-solaris-x86 0.1.0 42.20 NOTE
r-release-linux-x86_64 0.1.0 2.57 20.10 22.67 OK
r-release-windows-ix86+x86_64 0.1.0 7.00 33.00 40.00 OK
r-release-osx-x86_64 0.1.0 NOTE
r-oldrel-windows-ix86+x86_64 0.1.0 4.00 33.00 37.00 OK
r-oldrel-osx-x86_64 0.1.0 NOTE

Check Details

Version: 0.1.0
Check: dependencies in R code
Result: NOTE
    Namespace in Imports field not imported from: ‘knitr’
     All declared Imports should be used.
Flavors: r-devel-linux-x86_64-fedora-clang, r-devel-linux-x86_64-fedora-gcc, r-patched-solaris-x86, r-release-osx-x86_64, r-oldrel-osx-x86_64