CRAN Package Check Results for Package tabularaster

Last updated on 2020-01-18 08:00:03 CET.

Flavor Version Tinstall Tcheck Ttotal Status Flags
r-devel-linux-x86_64-debian-clang 0.5.0 17.89 187.35 205.24 OK
r-devel-linux-x86_64-debian-gcc 0.5.0 15.57 141.13 156.70 OK
r-devel-linux-x86_64-fedora-clang 0.5.0 243.85 NOTE
r-devel-linux-x86_64-fedora-gcc 0.5.0 239.53 NOTE
r-devel-windows-ix86+x86_64 0.5.0 58.00 259.00 317.00 OK
r-devel-windows-ix86+x86_64-gcc8 0.5.0 38.00 266.00 304.00 OK
r-patched-linux-x86_64 0.5.0 13.85 162.05 175.90 OK
r-patched-solaris-x86 0.5.0 318.20 NOTE
r-release-linux-x86_64 0.5.0 15.57 164.86 180.43 OK
r-release-windows-ix86+x86_64 0.5.0 47.00 173.00 220.00 OK
r-release-osx-x86_64 0.5.0 NOTE
r-oldrel-windows-ix86+x86_64 0.5.0 27.00 165.00 192.00 OK
r-oldrel-osx-x86_64 0.5.0 NOTE

Check Details

Version: 0.5.0
Check: dependencies in R code
Result: NOTE
    Namespace in Imports field not imported from: ‘methods’
     All declared Imports should be used.
Flavors: r-devel-linux-x86_64-fedora-clang, r-devel-linux-x86_64-fedora-gcc, r-patched-solaris-x86, r-release-osx-x86_64, r-oldrel-osx-x86_64