CRAN Package Check Results for Package tanaka

Last updated on 2020-01-23 15:48:14 CET.

Flavor Version Tinstall Tcheck Ttotal Status Flags
r-devel-linux-x86_64-debian-clang 0.1.1 9.99 96.11 106.10 OK
r-devel-linux-x86_64-debian-gcc 0.1.1 9.02 76.37 85.39 OK
r-devel-linux-x86_64-fedora-clang 0.1.1 132.89 OK
r-devel-linux-x86_64-fedora-gcc 0.1.1 131.17 OK
r-devel-windows-ix86+x86_64 0.1.1 33.00 143.00 176.00 OK
r-devel-windows-ix86+x86_64-gcc8 0.1.1 31.00 144.00 175.00 OK
r-patched-linux-x86_64 0.1.1 8.28 87.42 95.70 OK
r-patched-solaris-x86 0.1.1 205.10 OK
r-release-linux-x86_64 0.1.1 7.64 87.54 95.18 OK
r-release-windows-ix86+x86_64 0.1.1 20.00 129.00 149.00 OK
r-release-osx-x86_64 0.1.1 OK
r-oldrel-windows-ix86+x86_64 0.1.1 10.00 106.00 116.00 ERROR
r-oldrel-osx-x86_64 0.1.1 ERROR

Check Details

Version: 0.1.1
Check: examples
Result: ERROR
    Running examples in 'tanaka-Ex.R' failed
    The error most likely occurred in:
    
    > ### Name: tanaka
    > ### Title: Plot a Tanaka Map
    > ### Aliases: tanaka
    >
    > ### ** Examples
    >
    > library(tanaka)
    > library(raster)
    Loading required package: sp
    > library(sf)
    Linking to GEOS 3.6.1, GDAL 2.2.3, PROJ 4.9.3
    > com <- st_read(system.file("gpkg/com.gpkg", package = "tanaka"),
    + quiet = TRUE)
    > ras <- raster(system.file("grd/elev.grd", package = "tanaka"))
    > tanaka(ras)
    > tanaka(ras, mask = com)
    > tanaka(ras, breaks = seq(80,400,20),
    + legend.pos = "topright",
    + legend.title = "Elevation\n(meters)")
    > tanaka(ras, nclass = 15,
    + col = hcl.colors(15, "YlOrRd"),
    + legend.pos = "topright",
    + legend.title = "Elevation\n(meters)")
    Error in hcl.colors(15, "YlOrRd") : could not find function "hcl.colors"
    Calls: tanaka -> plot -> plot.sfc_MULTIPOLYGON
    Execution halted
Flavor: r-oldrel-windows-ix86+x86_64

Version: 0.1.1
Check: examples
Result: ERROR
    Running examples in ‘tanaka-Ex.R’ failed
    The error most likely occurred in:
    
    > ### Name: tanaka
    > ### Title: Plot a Tanaka Map
    > ### Aliases: tanaka
    >
    > ### ** Examples
    >
    > library(tanaka)
    > library(raster)
    Loading required package: sp
    > library(sf)
    Linking to GEOS 3.7.2, GDAL 2.4.2, PROJ 5.2.0
    > com <- st_read(system.file("gpkg/com.gpkg", package = "tanaka"),
    + quiet = TRUE)
    > ras <- raster(system.file("grd/elev.grd", package = "tanaka"))
    > tanaka(ras)
    > tanaka(ras, mask = com)
    > tanaka(ras, breaks = seq(80,400,20),
    + legend.pos = "topright",
    + legend.title = "Elevation\n(meters)")
    > tanaka(ras, nclass = 15,
    + col = hcl.colors(15, "YlOrRd"),
    + legend.pos = "topright",
    + legend.title = "Elevation\n(meters)")
    Error in hcl.colors(15, "YlOrRd") : could not find function "hcl.colors"
    Calls: tanaka -> plot -> plot.sfc_MULTIPOLYGON
    Execution halted
Flavor: r-oldrel-osx-x86_64