CRAN Package Check Results for Package textreadr

Last updated on 2020-01-18 08:00:03 CET.

Flavor Version Tinstall Tcheck Ttotal Status Flags
r-devel-linux-x86_64-debian-clang 0.9.0 3.70 34.35 38.05 OK
r-devel-linux-x86_64-debian-gcc 0.9.0 2.96 25.96 28.92 OK
r-devel-linux-x86_64-fedora-clang 0.9.0 44.36 OK
r-devel-linux-x86_64-fedora-gcc 0.9.0 42.36 OK
r-devel-windows-ix86+x86_64 0.9.0 12.00 52.00 64.00 OK
r-devel-windows-ix86+x86_64-gcc8 0.9.0 10.00 68.00 78.00 OK
r-patched-linux-x86_64 0.9.0 3.25 30.74 33.99 OK
r-patched-solaris-x86 0.9.0 65.00 NOTE
r-release-linux-x86_64 0.9.0 2.57 30.41 32.98 OK
r-release-windows-ix86+x86_64 0.9.0 11.00 45.00 56.00 OK
r-release-osx-x86_64 0.9.0 OK
r-oldrel-windows-ix86+x86_64 0.9.0 8.00 40.00 48.00 OK
r-oldrel-osx-x86_64 0.9.0 OK

Check Details

Version: 0.9.0
Check: package dependencies
Result: NOTE
    Package suggested but not available for checking: ‘tesseract’
Flavor: r-patched-solaris-x86

Version: 0.9.0
Check: Rd cross-references
Result: NOTE
    Package unavailable to check Rd xrefs: ‘tesseract’
Flavor: r-patched-solaris-x86