CRAN Package Check Results for Package thurstonianIRT

Last updated on 2020-01-18 08:00:03 CET.

Flavor Version Tinstall Tcheck Ttotal Status Flags
r-devel-linux-x86_64-debian-clang 0.9.0 119.72 132.84 252.56 NOTE
r-devel-linux-x86_64-debian-gcc 0.9.0 114.50 102.11 216.61 NOTE
r-devel-linux-x86_64-fedora-clang 0.9.0 342.32 NOTE
r-devel-linux-x86_64-fedora-gcc 0.9.0 359.83 NOTE
r-devel-windows-ix86+x86_64 0.9.0 272.00 338.00 610.00 NOTE
r-devel-windows-ix86+x86_64-gcc8 0.9.0 233.00 333.00 566.00 NOTE
r-patched-linux-x86_64 0.9.0 114.58 116.20 230.78 NOTE
r-patched-solaris-x86 0.9.0 346.10 NOTE
r-release-linux-x86_64 0.9.0 116.41 118.85 235.26 NOTE
r-release-windows-ix86+x86_64 0.9.0 257.00 312.00 569.00 NOTE
r-release-osx-x86_64 0.9.0 NOTE
r-oldrel-windows-ix86+x86_64 0.9.0 256.00 169.00 425.00 NOTE
r-oldrel-osx-x86_64 0.9.0 ERROR

Check Details

Version: 0.9.0
Check: for GNU extensions in Makefiles
Result: NOTE
    GNU make is a SystemRequirements.
Flavors: r-devel-linux-x86_64-debian-clang, r-devel-linux-x86_64-debian-gcc, r-devel-linux-x86_64-fedora-clang, r-devel-linux-x86_64-fedora-gcc, r-devel-windows-ix86+x86_64, r-devel-windows-ix86+x86_64-gcc8, r-patched-linux-x86_64, r-patched-solaris-x86, r-release-linux-x86_64, r-release-windows-ix86+x86_64, r-release-osx-x86_64, r-oldrel-windows-ix86+x86_64

Version: 0.9.0
Check: installed package size
Result: NOTE
     installed size is 29.6Mb
     sub-directories of 1Mb or more:
     libs 29.3Mb
Flavors: r-devel-linux-x86_64-fedora-clang, r-release-osx-x86_64

Version: 0.9.0
Check: whether package can be installed
Result: ERROR
    Installation failed.
Flavor: r-oldrel-osx-x86_64