CRAN Package Check Results for Package timevis

Last updated on 2020-02-16 07:48:17 CET.

Flavor Version Tinstall Tcheck Ttotal Status Flags
r-devel-linux-x86_64-debian-clang 0.5 3.04 36.40 39.44 OK
r-devel-linux-x86_64-debian-gcc 0.5 2.58 29.91 32.49 OK
r-devel-linux-x86_64-fedora-clang 0.5 52.31 NOTE
r-devel-linux-x86_64-fedora-gcc 0.5 47.73 NOTE
r-devel-windows-ix86+x86_64 0.5 11.00 64.00 75.00 OK
r-devel-windows-ix86+x86_64-gcc8 0.5 22.00 65.00 87.00 OK
r-patched-linux-x86_64 0.5 2.72 33.91 36.63 OK
r-patched-solaris-x86 0.5 71.00 NOTE
r-release-linux-x86_64 0.5 2.40 34.40 36.80 OK
r-release-windows-ix86+x86_64 0.5 7.00 63.00 70.00 OK
r-release-osx-x86_64 0.5 NOTE
r-oldrel-windows-ix86+x86_64 0.5 5.00 62.00 67.00 OK
r-oldrel-osx-x86_64 0.5 NOTE

Check Details

Version: 0.5
Check: dependencies in R code
Result: NOTE
    Namespace in Imports field not imported from: ‘lubridate’
     All declared Imports should be used.
Flavors: r-devel-linux-x86_64-fedora-clang, r-devel-linux-x86_64-fedora-gcc, r-patched-solaris-x86, r-release-osx-x86_64, r-oldrel-osx-x86_64