CRAN Package Check Results for Package tosca

Last updated on 2020-01-19 07:56:33 CET.

Flavor Version Tinstall Tcheck Ttotal Status Flags
r-devel-linux-x86_64-debian-clang 0.1-4 11.74 185.77 197.51 OK
r-devel-linux-x86_64-debian-gcc 0.1-4 9.80 154.39 164.19 OK
r-devel-linux-x86_64-fedora-clang 0.1-4 226.30 NOTE
r-devel-linux-x86_64-fedora-gcc 0.1-4 249.05 NOTE
r-devel-windows-ix86+x86_64 0.1-4 28.00 323.00 351.00 NOTE
r-devel-windows-ix86+x86_64-gcc8 0.1-4 20.00 316.00 336.00 NOTE
r-patched-linux-x86_64 0.1-4 9.50 192.56 202.06 OK
r-patched-solaris-x86 0.1-4 395.20 NOTE
r-release-linux-x86_64 0.1-4 8.48 191.97 200.45 OK
r-release-windows-ix86+x86_64 0.1-4 27.00 243.00 270.00 NOTE
r-release-osx-x86_64 0.1-4 NOTE
r-oldrel-windows-ix86+x86_64 0.1-4 19.00 235.00 254.00 NOTE
r-oldrel-osx-x86_64 0.1-4 NOTE

Check Details

Version: 0.1-4
Check: installed package size
Result: NOTE
     installed size is 5.6Mb
     sub-directories of 1Mb or more:
     data 4.7Mb
Flavors: r-devel-linux-x86_64-fedora-clang, r-devel-windows-ix86+x86_64, r-devel-windows-ix86+x86_64-gcc8, r-patched-solaris-x86, r-release-windows-ix86+x86_64, r-release-osx-x86_64, r-oldrel-windows-ix86+x86_64, r-oldrel-osx-x86_64

Version: 0.1-4
Check: data for non-ASCII characters
Result: NOTE
     Note: found 1946 marked UTF-8 strings
Flavors: r-devel-linux-x86_64-fedora-clang, r-devel-linux-x86_64-fedora-gcc, r-patched-solaris-x86, r-release-osx-x86_64, r-oldrel-osx-x86_64