CRAN Package Check Results for Package trackeR

Last updated on 2020-06-01 16:50:38 CEST.

Flavor Version Tinstall Tcheck Ttotal Status Flags
r-devel-linux-x86_64-debian-clang 1.5.2 12.28 267.27 279.55 OK
r-devel-linux-x86_64-debian-gcc 1.5.2 8.87 198.39 207.26 OK
r-devel-linux-x86_64-fedora-clang 1.5.2 347.32 NOTE
r-devel-linux-x86_64-fedora-gcc 1.5.2 327.33 OK
r-devel-windows-ix86+x86_64 1.5.2 32.00 320.00 352.00 NOTE
r-patched-linux-x86_64 1.5.2 12.52 262.20 274.72 OK
r-patched-solaris-x86 1.5.2 408.50 WARN
r-release-linux-x86_64 1.5.2 12.34 262.77 275.11 OK
r-release-osx-x86_64 1.5.2 NOTE
r-release-windows-ix86+x86_64 1.5.2 27.00 284.00 311.00 NOTE
r-oldrel-osx-x86_64 1.5.2 NOTE
r-oldrel-windows-ix86+x86_64 1.5.2 22.00 305.00 327.00 NOTE

Check Details

Version: 1.5.2
Check: installed package size
Result: NOTE
     installed size is 6.1Mb
     sub-directories of 1Mb or more:
     data 2.4Mb
     doc 2.7Mb
Flavors: r-devel-linux-x86_64-fedora-clang, r-devel-windows-ix86+x86_64, r-patched-solaris-x86, r-release-osx-x86_64, r-release-windows-ix86+x86_64, r-oldrel-osx-x86_64, r-oldrel-windows-ix86+x86_64

Version: 1.5.2
Check: re-building of vignette outputs
Result: WARN
    Error(s) in re-building vignettes:
     ...
    --- re-building ‘TourDetrackeR.Rmd’ using rmarkdown
    Warning in engine$weave(file, quiet = quiet, encoding = enc) :
     Pandoc (>= 1.12.3) and/or pandoc-citeproc not available. Falling back to R Markdown v1.
    Loading required package: zoo
    
    Attaching package: 'zoo'
    
    The following objects are masked from 'package:base':
    
     as.Date, as.Date.numeric
    
    
    Attaching package: 'trackeR'
    
    The following object is masked from 'package:base':
    
     append
    
    Source : http://tile.stamen.com/toner/13/4056/2748.png
    Source : http://tile.stamen.com/toner/13/4057/2748.png
    Source : http://tile.stamen.com/toner/13/4056/2749.png
    Source : http://tile.stamen.com/toner/13/4057/2749.png
    Quitting from lines 106-108 (TourDetrackeR.Rmd)
    Error: processing vignette 'TourDetrackeR.Rmd' failed with diagnostics:
    there is no package called 'webshot'
    --- failed re-building ‘TourDetrackeR.Rmd’
    
    --- re-building ‘trackeR.Rnw’ using Sweave
    Loading required package: zoo
    
    Attaching package: 'zoo'
    
    The following objects are masked from 'package:base':
    
     as.Date, as.Date.numeric
    
    
    Attaching package: 'trackeR'
    
    The following object is masked from 'package:base':
    
     append
    
    Warning in sanity_checks(dat = dat, silent = silent) :
     Observations with duplicated time stamps have been removed.
    Warning in sanity_checks(dat = dat, silent = silent) :
     Observations with duplicated time stamps have been removed.
    Loading required package: Matrix
    
    Attaching package: 'fda'
    
    The following object is masked from 'package:graphics':
    
     matplot
    
    --- finished re-building 'trackeR.Rnw'
    
    SUMMARY: processing the following file failed:
     ‘TourDetrackeR.Rmd’
    
    Error: Vignette re-building failed.
    Execution halted
Flavor: r-patched-solaris-x86

Version: 1.5.2
Check: re-building of vignette outputs
Result: NOTE
    Error(s) in re-building vignettes:
    --- re-building ‘TourDetrackeR.Rmd’ using rmarkdown
    Warning in engine$weave(file, quiet = quiet, encoding = enc) :
     Pandoc (>= 1.12.3) and/or pandoc-citeproc not available. Falling back to R Markdown v1.
    Loading required package: zoo
    
    Attaching package: 'zoo'
    
    The following objects are masked from 'package:base':
    
     as.Date, as.Date.numeric
    
    
    Attaching package: 'trackeR'
    
    The following object is masked from 'package:base':
    
     append
    
    Source : http://tile.stamen.com/toner/13/4056/2748.png
    Source : http://tile.stamen.com/toner/13/4057/2748.png
    Source : http://tile.stamen.com/toner/13/4056/2749.png
    Source : http://tile.stamen.com/toner/13/4057/2749.png
    Quitting from lines 106-108 (TourDetrackeR.Rmd)
    Error: processing vignette 'TourDetrackeR.Rmd' failed with diagnostics:
    cannot open the connection
    --- failed re-building ‘TourDetrackeR.Rmd’
    
    --- re-building ‘trackeR.Rnw’ using Sweave
    Loading required package: zoo
    
    Attaching package: 'zoo'
    
    The following objects are masked from 'package:base':
    
     as.Date, as.Date.numeric
    
    
    Attaching package: 'trackeR'
    
    The following object is masked from 'package:base':
    
     append
    
    Warning in sanity_checks(dat = dat, silent = silent) :
     Observations with duplicated time stamps have been removed.
    Warning in sanity_checks(dat = dat, silent = silent) :
     Observations with duplicated time stamps have been removed.
    Loading required package: splines
    Loading required package: Matrix
    
    Attaching package: 'fda'
    
    The following object is masked from 'package:graphics':
    
     matplot
    
    --- finished re-building 'trackeR.Rnw'
    
    SUMMARY: processing the following file failed:
     ‘TourDetrackeR.Rmd’
    
    Error: Vignette re-building failed.
    Execution halted
Flavor: r-oldrel-osx-x86_64